{"id":5240,"date":"2026-03-01T01:06:44","date_gmt":"2026-03-01T00:06:44","guid":{"rendered":"http:\/\/198.46.190.232\/mypara\/?product=la-roche-posay-anthelios-50gel-creme-toucher-sec-50ml-2"},"modified":"2026-03-04T12:48:17","modified_gmt":"2026-03-04T11:48:17","slug":"la-roche-posay-anthelios-50gel-creme-toucher-sec-50ml-2","status":"publish","type":"product","link":"http:\/\/www.yespara.tn\/?product=la-roche-posay-anthelios-50gel-creme-toucher-sec-50ml-2","title":{"rendered":"LA ROCHE POSAY ANTHELIOS 50+GEL CREME TOUCHER SEC  50ML"},"content":{"rendered":"","protected":false},"excerpt":{"rendered":"<p>\u2714 Protection solaire maximale SPF50+ \u2600\ufe0f : Large spectre contre les UVB et UVA. \u2714 Fini sec et mat \ud83e\uddf4 : Formule non grasse, sans effet collant. \u2714 Absorbe l\u2019exc\u00e8s de s\u00e9bum \ud83c\udf3f : Gr\u00e2ce \u00e0 sa technologie Airlicium\u2122 anti-brillance. \u2714 R\u00e9sistant \u00e0 l\u2019eau et \u00e0 la transpiration \ud83d\udca6 : Parfait pour les journ\u00e9es actives. \u2714 Convient aux peaux sensibles et \u00e0 tendance acn\u00e9ique \u2705 : Hypoallerg\u00e9nique et non com\u00e9dog\u00e8ne.<\/p>\n","protected":false},"featured_media":5012,"comment_status":"open","ping_status":"closed","template":"","meta":[],"product_brand":[],"product_cat":[3399],"product_tag":[],"class_list":{"0":"post-5240","1":"product","2":"type-product","3":"status-publish","4":"has-post-thumbnail","6":"product_cat-la-roche-posay-cremes-solaires","8":"first","9":"instock","10":"sale","11":"taxable","12":"shipping-taxable","13":"purchasable","14":"product-type-simple"},"_links":{"self":[{"href":"http:\/\/www.yespara.tn\/index.php?rest_route=\/wp\/v2\/product\/5240","targetHints":{"allow":["GET"]}}],"collection":[{"href":"http:\/\/www.yespara.tn\/index.php?rest_route=\/wp\/v2\/product"}],"about":[{"href":"http:\/\/www.yespara.tn\/index.php?rest_route=\/wp\/v2\/types\/product"}],"replies":[{"embeddable":true,"href":"http:\/\/www.yespara.tn\/index.php?rest_route=%2Fwp%2Fv2%2Fcomments&post=5240"}],"wp:featuredmedia":[{"embeddable":true,"href":"http:\/\/www.yespara.tn\/index.php?rest_route=\/wp\/v2\/media\/5012"}],"wp:attachment":[{"href":"http:\/\/www.yespara.tn\/index.php?rest_route=%2Fwp%2Fv2%2Fmedia&parent=5240"}],"wp:term":[{"taxonomy":"product_brand","embeddable":true,"href":"http:\/\/www.yespara.tn\/index.php?rest_route=%2Fwp%2Fv2%2Fproduct_brand&post=5240"},{"taxonomy":"product_cat","embeddable":true,"href":"http:\/\/www.yespara.tn\/index.php?rest_route=%2Fwp%2Fv2%2Fproduct_cat&post=5240"},{"taxonomy":"product_tag","embeddable":true,"href":"http:\/\/www.yespara.tn\/index.php?rest_route=%2Fwp%2Fv2%2Fproduct_tag&post=5240"}],"curies":[{"name":"wp","href":"https:\/\/api.w.org\/{rel}","templated":true}]}}