{"id":5216,"date":"2026-03-01T01:06:39","date_gmt":"2026-03-01T00:06:39","guid":{"rendered":"http:\/\/198.46.190.232\/mypara\/?product=daylong-kids-lait-solaire-spf50-150ml-date-11-2025-2"},"modified":"2026-04-03T10:42:51","modified_gmt":"2026-04-03T09:42:51","slug":"daylong-kids-lait-solaire-spf50-150ml-date-11-2025-2","status":"publish","type":"product","link":"http:\/\/www.yespara.tn\/?product=daylong-kids-lait-solaire-spf50-150ml-date-11-2025-2","title":{"rendered":"Daylong Kids Lait Solaire SPF50+ 150ml"},"content":{"rendered":"","protected":false},"excerpt":{"rendered":"<p>Lait solaire de haute protection solaire SPF30 assure aux enfants une haute protection solaire longue dur\u00e9e, adapt\u00e9e \u00e0 leur peau et aux conditions de leur exposition (activit\u00e9 en plein air, transpiration, frottement\u2026).<\/p>\n","protected":false},"featured_media":4169,"comment_status":"open","ping_status":"closed","template":"","meta":[],"product_brand":[],"product_cat":[3136],"product_tag":[],"class_list":{"0":"post-5216","1":"product","2":"type-product","3":"status-publish","4":"has-post-thumbnail","6":"product_cat-daylong-soins-visage-soins-solaires-protection-solaire","8":"first","9":"outofstock","10":"taxable","11":"shipping-taxable","12":"product-type-simple"},"_links":{"self":[{"href":"http:\/\/www.yespara.tn\/index.php?rest_route=\/wp\/v2\/product\/5216","targetHints":{"allow":["GET"]}}],"collection":[{"href":"http:\/\/www.yespara.tn\/index.php?rest_route=\/wp\/v2\/product"}],"about":[{"href":"http:\/\/www.yespara.tn\/index.php?rest_route=\/wp\/v2\/types\/product"}],"replies":[{"embeddable":true,"href":"http:\/\/www.yespara.tn\/index.php?rest_route=%2Fwp%2Fv2%2Fcomments&post=5216"}],"wp:featuredmedia":[{"embeddable":true,"href":"http:\/\/www.yespara.tn\/index.php?rest_route=\/wp\/v2\/media\/4169"}],"wp:attachment":[{"href":"http:\/\/www.yespara.tn\/index.php?rest_route=%2Fwp%2Fv2%2Fmedia&parent=5216"}],"wp:term":[{"taxonomy":"product_brand","embeddable":true,"href":"http:\/\/www.yespara.tn\/index.php?rest_route=%2Fwp%2Fv2%2Fproduct_brand&post=5216"},{"taxonomy":"product_cat","embeddable":true,"href":"http:\/\/www.yespara.tn\/index.php?rest_route=%2Fwp%2Fv2%2Fproduct_cat&post=5216"},{"taxonomy":"product_tag","embeddable":true,"href":"http:\/\/www.yespara.tn\/index.php?rest_route=%2Fwp%2Fv2%2Fproduct_tag&post=5216"}],"curies":[{"name":"wp","href":"https:\/\/api.w.org\/{rel}","templated":true}]}}