{"id":5145,"date":"2026-03-01T01:06:23","date_gmt":"2026-03-01T00:06:23","guid":{"rendered":"http:\/\/198.46.190.232\/mypara\/?product=dermacare-huile-seche-parfumee-50ml"},"modified":"2026-03-01T01:06:24","modified_gmt":"2026-03-01T00:06:24","slug":"dermacare-huile-seche-parfumee-50ml","status":"publish","type":"product","link":"http:\/\/www.yespara.tn\/?product=dermacare-huile-seche-parfumee-50ml","title":{"rendered":"Dermacare Huile S\u00e8che Parfum\u00e9e 50ml"},"content":{"rendered":"","protected":false},"excerpt":{"rendered":"<p>DERMACARE Huile S\u00e8che Parfum\u00e9e\u00a0 p\u00e9n\u00e8tre rapidement dans votre peau sans laisser un fini gras ou un r\u00e9sidu collant. Elle hydrate, assouplit et satine votre peau.<\/p>\n","protected":false},"featured_media":4799,"comment_status":"open","ping_status":"closed","template":"","meta":[],"product_brand":[],"product_cat":[3352],"product_tag":[],"class_list":{"0":"post-5145","1":"product","2":"type-product","3":"status-publish","4":"has-post-thumbnail","6":"product_cat-dermacare-spray-solaires-et-autobronzant","8":"first","9":"instock","10":"sale","11":"taxable","12":"shipping-taxable","13":"purchasable","14":"product-type-simple"},"_links":{"self":[{"href":"http:\/\/www.yespara.tn\/index.php?rest_route=\/wp\/v2\/product\/5145","targetHints":{"allow":["GET"]}}],"collection":[{"href":"http:\/\/www.yespara.tn\/index.php?rest_route=\/wp\/v2\/product"}],"about":[{"href":"http:\/\/www.yespara.tn\/index.php?rest_route=\/wp\/v2\/types\/product"}],"replies":[{"embeddable":true,"href":"http:\/\/www.yespara.tn\/index.php?rest_route=%2Fwp%2Fv2%2Fcomments&post=5145"}],"wp:featuredmedia":[{"embeddable":true,"href":"http:\/\/www.yespara.tn\/index.php?rest_route=\/wp\/v2\/media\/4799"}],"wp:attachment":[{"href":"http:\/\/www.yespara.tn\/index.php?rest_route=%2Fwp%2Fv2%2Fmedia&parent=5145"}],"wp:term":[{"taxonomy":"product_brand","embeddable":true,"href":"http:\/\/www.yespara.tn\/index.php?rest_route=%2Fwp%2Fv2%2Fproduct_brand&post=5145"},{"taxonomy":"product_cat","embeddable":true,"href":"http:\/\/www.yespara.tn\/index.php?rest_route=%2Fwp%2Fv2%2Fproduct_cat&post=5145"},{"taxonomy":"product_tag","embeddable":true,"href":"http:\/\/www.yespara.tn\/index.php?rest_route=%2Fwp%2Fv2%2Fproduct_tag&post=5145"}],"curies":[{"name":"wp","href":"https:\/\/api.w.org\/{rel}","templated":true}]}}