{"id":5080,"date":"2026-03-01T01:06:08","date_gmt":"2026-03-01T00:06:08","guid":{"rendered":"http:\/\/198.46.190.232\/mypara\/?product=prosun-ecran-solaire-peaux-mixtes-a-grasses-spf-50-50ml"},"modified":"2026-03-01T01:06:08","modified_gmt":"2026-03-01T00:06:08","slug":"prosun-ecran-solaire-peaux-mixtes-a-grasses-spf-50-50ml","status":"publish","type":"product","link":"http:\/\/www.yespara.tn\/?product=prosun-ecran-solaire-peaux-mixtes-a-grasses-spf-50-50ml","title":{"rendered":"PROSUN Ecran Solaire Peaux Mixtes \u00e0 Grasses SPF 50+ 50ml"},"content":{"rendered":"","protected":false},"excerpt":{"rendered":"<p>\ud83d\udee1\ufe0f Protection tr\u00e8s haute SPF50+ contre les rayons UVA\/UVB \ud83c\udf3f Texture l\u00e9g\u00e8re et non grasse , adapt\u00e9e aux peaux mixtes \u00e0 grasses \u2696\ufe0f Effet matifiant pour une peau sans brillance \ud83d\udca7 Hydrate sans alourdir ni obstruer les pores \ud83c\udfaf Id\u00e9al comme base de maquillage au quotidien<\/p>\n","protected":false},"featured_media":4630,"comment_status":"open","ping_status":"closed","template":"","meta":[],"product_brand":[],"product_cat":[3324],"product_tag":[],"class_list":{"0":"post-5080","1":"product","2":"type-product","3":"status-publish","4":"has-post-thumbnail","6":"product_cat-prosun","8":"first","9":"instock","10":"sale","11":"taxable","12":"shipping-taxable","13":"purchasable","14":"product-type-simple"},"_links":{"self":[{"href":"http:\/\/www.yespara.tn\/index.php?rest_route=\/wp\/v2\/product\/5080","targetHints":{"allow":["GET"]}}],"collection":[{"href":"http:\/\/www.yespara.tn\/index.php?rest_route=\/wp\/v2\/product"}],"about":[{"href":"http:\/\/www.yespara.tn\/index.php?rest_route=\/wp\/v2\/types\/product"}],"replies":[{"embeddable":true,"href":"http:\/\/www.yespara.tn\/index.php?rest_route=%2Fwp%2Fv2%2Fcomments&post=5080"}],"wp:featuredmedia":[{"embeddable":true,"href":"http:\/\/www.yespara.tn\/index.php?rest_route=\/wp\/v2\/media\/4630"}],"wp:attachment":[{"href":"http:\/\/www.yespara.tn\/index.php?rest_route=%2Fwp%2Fv2%2Fmedia&parent=5080"}],"wp:term":[{"taxonomy":"product_brand","embeddable":true,"href":"http:\/\/www.yespara.tn\/index.php?rest_route=%2Fwp%2Fv2%2Fproduct_brand&post=5080"},{"taxonomy":"product_cat","embeddable":true,"href":"http:\/\/www.yespara.tn\/index.php?rest_route=%2Fwp%2Fv2%2Fproduct_cat&post=5080"},{"taxonomy":"product_tag","embeddable":true,"href":"http:\/\/www.yespara.tn\/index.php?rest_route=%2Fwp%2Fv2%2Fproduct_tag&post=5080"}],"curies":[{"name":"wp","href":"https:\/\/api.w.org\/{rel}","templated":true}]}}