{"id":5079,"date":"2026-03-01T01:06:08","date_gmt":"2026-03-01T00:06:08","guid":{"rendered":"http:\/\/198.46.190.232\/mypara\/?product=svr-sensifine-hydra-creme-40-ml"},"modified":"2026-03-01T01:06:08","modified_gmt":"2026-03-01T00:06:08","slug":"svr-sensifine-hydra-creme-40-ml","status":"publish","type":"product","link":"http:\/\/www.yespara.tn\/?product=svr-sensifine-hydra-creme-40-ml","title":{"rendered":"SVR SENSIFINE HYDRA CREME 40 ML"},"content":{"rendered":"","protected":false},"excerpt":{"rendered":"<p>R\u00e9duction des rougeurs \u2192 Apaise et diminue les rougeurs persistantes. Hydratation intense \u2192 Nourrit et prot\u00e8ge la peau sensible. Texture l\u00e9g\u00e8re &#038; apaisante \u2192 P\u00e9n\u00e8tre rapidement sans effet gras. Renforce la barri\u00e8re cutan\u00e9e \u2192 Prot\u00e8ge la peau contre les agressions ext\u00e9rieures.<\/p>\n","protected":false},"featured_media":4627,"comment_status":"open","ping_status":"closed","template":"","meta":[],"product_brand":[],"product_cat":[3323],"product_tag":[],"class_list":{"0":"post-5079","1":"product","2":"type-product","3":"status-publish","4":"has-post-thumbnail","6":"product_cat-svr-soins-solaires-cremes-solaires","8":"first","9":"instock","10":"sale","11":"taxable","12":"shipping-taxable","13":"purchasable","14":"product-type-simple"},"_links":{"self":[{"href":"http:\/\/www.yespara.tn\/index.php?rest_route=\/wp\/v2\/product\/5079","targetHints":{"allow":["GET"]}}],"collection":[{"href":"http:\/\/www.yespara.tn\/index.php?rest_route=\/wp\/v2\/product"}],"about":[{"href":"http:\/\/www.yespara.tn\/index.php?rest_route=\/wp\/v2\/types\/product"}],"replies":[{"embeddable":true,"href":"http:\/\/www.yespara.tn\/index.php?rest_route=%2Fwp%2Fv2%2Fcomments&post=5079"}],"wp:featuredmedia":[{"embeddable":true,"href":"http:\/\/www.yespara.tn\/index.php?rest_route=\/wp\/v2\/media\/4627"}],"wp:attachment":[{"href":"http:\/\/www.yespara.tn\/index.php?rest_route=%2Fwp%2Fv2%2Fmedia&parent=5079"}],"wp:term":[{"taxonomy":"product_brand","embeddable":true,"href":"http:\/\/www.yespara.tn\/index.php?rest_route=%2Fwp%2Fv2%2Fproduct_brand&post=5079"},{"taxonomy":"product_cat","embeddable":true,"href":"http:\/\/www.yespara.tn\/index.php?rest_route=%2Fwp%2Fv2%2Fproduct_cat&post=5079"},{"taxonomy":"product_tag","embeddable":true,"href":"http:\/\/www.yespara.tn\/index.php?rest_route=%2Fwp%2Fv2%2Fproduct_tag&post=5079"}],"curies":[{"name":"wp","href":"https:\/\/api.w.org\/{rel}","templated":true}]}}