{"id":5057,"date":"2026-03-01T01:06:01","date_gmt":"2026-03-01T00:06:01","guid":{"rendered":"http:\/\/198.46.190.232\/mypara\/?product=bioderma-photoderm-cover-touch-mineral-teinte-claire-spf50-40gc"},"modified":"2026-03-01T01:06:02","modified_gmt":"2026-03-01T00:06:02","slug":"bioderma-photoderm-cover-touch-mineral-teinte-claire-spf50-40gc","status":"publish","type":"product","link":"http:\/\/www.yespara.tn\/?product=bioderma-photoderm-cover-touch-mineral-teinte-claire-spf50-40gc","title":{"rendered":"BIODERMA PHOTODERM COVER TOUCH MINERAL TEINTE CLAIRE SPF50+ 40Gc"},"content":{"rendered":"","protected":false},"excerpt":{"rendered":"<p>Tr\u00e8s haute protection SPF50+ UVA\/UVB \ud83c\udf3f Filtres 100% min\u00e9raux \u2013 haute tol\u00e9rance \ud83c\udfa8 Teinte claire pour un teint naturel et unifi\u00e9 \ud83d\udc84 Haute couvrance anti-imperfections \u23f1\ufe0f Effet mat jusqu\u2019\u00e0 8 heures \ud83e\uddf4 Texture l\u00e9g\u00e8re, non com\u00e9dog\u00e8ne<\/p>\n","protected":false},"featured_media":4576,"comment_status":"open","ping_status":"closed","template":"","meta":[],"product_brand":[],"product_cat":[3312],"product_tag":[],"class_list":{"0":"post-5057","1":"product","2":"type-product","3":"status-publish","4":"has-post-thumbnail","6":"product_cat-bioderma-soins-solaires-cremes-solaires-creme-solaire-minerale-teintee","8":"first","9":"instock","10":"sale","11":"taxable","12":"shipping-taxable","13":"purchasable","14":"product-type-simple"},"_links":{"self":[{"href":"http:\/\/www.yespara.tn\/index.php?rest_route=\/wp\/v2\/product\/5057","targetHints":{"allow":["GET"]}}],"collection":[{"href":"http:\/\/www.yespara.tn\/index.php?rest_route=\/wp\/v2\/product"}],"about":[{"href":"http:\/\/www.yespara.tn\/index.php?rest_route=\/wp\/v2\/types\/product"}],"replies":[{"embeddable":true,"href":"http:\/\/www.yespara.tn\/index.php?rest_route=%2Fwp%2Fv2%2Fcomments&post=5057"}],"wp:featuredmedia":[{"embeddable":true,"href":"http:\/\/www.yespara.tn\/index.php?rest_route=\/wp\/v2\/media\/4576"}],"wp:attachment":[{"href":"http:\/\/www.yespara.tn\/index.php?rest_route=%2Fwp%2Fv2%2Fmedia&parent=5057"}],"wp:term":[{"taxonomy":"product_brand","embeddable":true,"href":"http:\/\/www.yespara.tn\/index.php?rest_route=%2Fwp%2Fv2%2Fproduct_brand&post=5057"},{"taxonomy":"product_cat","embeddable":true,"href":"http:\/\/www.yespara.tn\/index.php?rest_route=%2Fwp%2Fv2%2Fproduct_cat&post=5057"},{"taxonomy":"product_tag","embeddable":true,"href":"http:\/\/www.yespara.tn\/index.php?rest_route=%2Fwp%2Fv2%2Fproduct_tag&post=5057"}],"curies":[{"name":"wp","href":"https:\/\/api.w.org\/{rel}","templated":true}]}}