{"id":4528,"date":"2026-02-28T11:27:51","date_gmt":"2026-02-28T10:27:51","guid":{"rendered":"http:\/\/198.46.190.232\/mypara\/?product=alania-puretevitamine-c-mouse-nettoyant-150ml"},"modified":"2026-02-28T11:27:52","modified_gmt":"2026-02-28T10:27:52","slug":"alania-puretevitamine-c-mouse-nettoyant-150ml","status":"publish","type":"product","link":"http:\/\/www.yespara.tn\/?product=alania-puretevitamine-c-mouse-nettoyant-150ml","title":{"rendered":"ALANIA  purete+vitamine c MOUSE NETTOYANT 150ml"},"content":{"rendered":"","protected":false},"excerpt":{"rendered":"<p>\ud83c\udf4a ALANIA PURET\u00c9+ VITAMINE C \u2013 Mousse Nettoyante (150ml) \u2728 Nettoie, purifie &#038; d\u00e9maquille en douceur \ud83c\udf3f Antioxydant puissant &#038; \u00e9clat du teint \ud83d\udd39 Bienfaits \ud83c\udf1f : \u2705 Nettoie &#038; \u00e9limine impuret\u00e9s &#038; exc\u00e8s de s\u00e9bum \ud83e\udee7 \u2705 D\u00e9maquille tout en douceur \ud83d\udc86\u200d\u2640\ufe0f \u2705 Antioxydant &#038; skin booster \u26a1 \u2705 Unifie, illumine &#038; r\u00e9duit les taches \ud83c\udf1f \u2705 Revitalise &#038; tonifie la peau \ud83c\udf3f<\/p>\n","protected":false},"featured_media":4527,"comment_status":"open","ping_status":"closed","template":"","meta":[],"product_brand":[],"product_cat":[3292,2128,2640,2596],"product_tag":[],"class_list":{"0":"post-4528","1":"product","2":"type-product","3":"status-publish","4":"has-post-thumbnail","6":"product_cat-alania-soins-visage-emulsion","7":"product_cat-demaquillants","8":"product_cat-lait-nettoyants-visage","9":"product_cat-mousse","11":"first","12":"instock","13":"taxable","14":"shipping-taxable","15":"product-type-simple"},"_links":{"self":[{"href":"http:\/\/www.yespara.tn\/index.php?rest_route=\/wp\/v2\/product\/4528","targetHints":{"allow":["GET"]}}],"collection":[{"href":"http:\/\/www.yespara.tn\/index.php?rest_route=\/wp\/v2\/product"}],"about":[{"href":"http:\/\/www.yespara.tn\/index.php?rest_route=\/wp\/v2\/types\/product"}],"replies":[{"embeddable":true,"href":"http:\/\/www.yespara.tn\/index.php?rest_route=%2Fwp%2Fv2%2Fcomments&post=4528"}],"wp:featuredmedia":[{"embeddable":true,"href":"http:\/\/www.yespara.tn\/index.php?rest_route=\/wp\/v2\/media\/4527"}],"wp:attachment":[{"href":"http:\/\/www.yespara.tn\/index.php?rest_route=%2Fwp%2Fv2%2Fmedia&parent=4528"}],"wp:term":[{"taxonomy":"product_brand","embeddable":true,"href":"http:\/\/www.yespara.tn\/index.php?rest_route=%2Fwp%2Fv2%2Fproduct_brand&post=4528"},{"taxonomy":"product_cat","embeddable":true,"href":"http:\/\/www.yespara.tn\/index.php?rest_route=%2Fwp%2Fv2%2Fproduct_cat&post=4528"},{"taxonomy":"product_tag","embeddable":true,"href":"http:\/\/www.yespara.tn\/index.php?rest_route=%2Fwp%2Fv2%2Fproduct_tag&post=4528"}],"curies":[{"name":"wp","href":"https:\/\/api.w.org\/{rel}","templated":true}]}}