{"id":4524,"date":"2026-02-28T11:27:49","date_gmt":"2026-02-28T10:27:49","guid":{"rendered":"http:\/\/198.46.190.232\/mypara\/?product=papulex-gel-nettoyant-moussant-150ml"},"modified":"2026-02-28T12:45:02","modified_gmt":"2026-02-28T11:45:02","slug":"papulex-gel-nettoyant-moussant-150ml","status":"publish","type":"product","link":"http:\/\/www.yespara.tn\/?product=papulex-gel-nettoyant-moussant-150ml","title":{"rendered":"Papulex Gel Nettoyant Moussant 150ml"},"content":{"rendered":"","protected":false},"excerpt":{"rendered":"<p>\u2714 Nettoie en douceur sans irriter la peau \ud83e\uddfc \u2714 R\u00e9gule la production de s\u00e9bum et r\u00e9duit les boutons \ud83c\udf38 \u2714 Aide \u00e0 pr\u00e9venir l\u2019apparition de nouvelles imperfections \u2714 Procure une sensation de fra\u00eecheur et de puret\u00e9 imm\u00e9diate \u2714 Convient aux peaux grasses, mixtes ou acn\u00e9iques<\/p>\n","protected":false},"featured_media":4523,"comment_status":"open","ping_status":"closed","template":"","meta":[],"product_brand":[],"product_cat":[2128,3290],"product_tag":[3291],"class_list":{"0":"post-4524","1":"product","2":"type-product","3":"status-publish","4":"has-post-thumbnail","6":"product_cat-demaquillants","7":"product_cat-papulex","8":"product_tag-papulex-gel-nettoyant-moussant-150ml","10":"first","11":"instock","12":"sale","13":"taxable","14":"shipping-taxable","15":"purchasable","16":"product-type-simple"},"_links":{"self":[{"href":"http:\/\/www.yespara.tn\/index.php?rest_route=\/wp\/v2\/product\/4524","targetHints":{"allow":["GET"]}}],"collection":[{"href":"http:\/\/www.yespara.tn\/index.php?rest_route=\/wp\/v2\/product"}],"about":[{"href":"http:\/\/www.yespara.tn\/index.php?rest_route=\/wp\/v2\/types\/product"}],"replies":[{"embeddable":true,"href":"http:\/\/www.yespara.tn\/index.php?rest_route=%2Fwp%2Fv2%2Fcomments&post=4524"}],"wp:featuredmedia":[{"embeddable":true,"href":"http:\/\/www.yespara.tn\/index.php?rest_route=\/wp\/v2\/media\/4523"}],"wp:attachment":[{"href":"http:\/\/www.yespara.tn\/index.php?rest_route=%2Fwp%2Fv2%2Fmedia&parent=4524"}],"wp:term":[{"taxonomy":"product_brand","embeddable":true,"href":"http:\/\/www.yespara.tn\/index.php?rest_route=%2Fwp%2Fv2%2Fproduct_brand&post=4524"},{"taxonomy":"product_cat","embeddable":true,"href":"http:\/\/www.yespara.tn\/index.php?rest_route=%2Fwp%2Fv2%2Fproduct_cat&post=4524"},{"taxonomy":"product_tag","embeddable":true,"href":"http:\/\/www.yespara.tn\/index.php?rest_route=%2Fwp%2Fv2%2Fproduct_tag&post=4524"}],"curies":[{"name":"wp","href":"https:\/\/api.w.org\/{rel}","templated":true}]}}