{"id":4496,"date":"2026-02-28T11:27:28","date_gmt":"2026-02-28T10:27:28","guid":{"rendered":"http:\/\/198.46.190.232\/mypara\/?product=filorga-lift-mask-14ml"},"modified":"2026-02-28T12:45:00","modified_gmt":"2026-02-28T11:45:00","slug":"filorga-lift-mask-14ml","status":"publish","type":"product","link":"http:\/\/www.yespara.tn\/?product=filorga-lift-mask-14ml","title":{"rendered":"FILORGA LIFT-MASK 14ML"},"content":{"rendered":"","protected":false},"excerpt":{"rendered":"<p>\ud83d\udc96 Une formule ultra-performante inspir\u00e9e de la m\u00e9decine esth\u00e9tique : \u2714\ufe0f \u26a1 Action tenseur imm\u00e9diate pour un effet lifting instantan\u00e9. \u2714\ufe0f \ud83d\udca7 Hydratation intense gr\u00e2ce \u00e0 l\u2019acide hyaluronique. \u2714\ufe0f \ud83d\udc86\u200d\u2640\ufe0f Peau raffermie et repulp\u00e9e en quelques minutes. \u2714\ufe0f \ud83c\udf3f Complexe revitalisant pour une peau plus lumineuse et rebondie.<\/p>\n","protected":false},"featured_media":4495,"comment_status":"open","ping_status":"closed","template":"","meta":[],"product_brand":[],"product_cat":[3280],"product_tag":[],"class_list":{"0":"post-4496","1":"product","2":"type-product","3":"status-publish","4":"has-post-thumbnail","6":"product_cat-filorga-soins-visage-masques-visage-et-gommage","8":"first","9":"instock","10":"sale","11":"taxable","12":"shipping-taxable","13":"purchasable","14":"product-type-simple"},"_links":{"self":[{"href":"http:\/\/www.yespara.tn\/index.php?rest_route=\/wp\/v2\/product\/4496","targetHints":{"allow":["GET"]}}],"collection":[{"href":"http:\/\/www.yespara.tn\/index.php?rest_route=\/wp\/v2\/product"}],"about":[{"href":"http:\/\/www.yespara.tn\/index.php?rest_route=\/wp\/v2\/types\/product"}],"replies":[{"embeddable":true,"href":"http:\/\/www.yespara.tn\/index.php?rest_route=%2Fwp%2Fv2%2Fcomments&post=4496"}],"wp:featuredmedia":[{"embeddable":true,"href":"http:\/\/www.yespara.tn\/index.php?rest_route=\/wp\/v2\/media\/4495"}],"wp:attachment":[{"href":"http:\/\/www.yespara.tn\/index.php?rest_route=%2Fwp%2Fv2%2Fmedia&parent=4496"}],"wp:term":[{"taxonomy":"product_brand","embeddable":true,"href":"http:\/\/www.yespara.tn\/index.php?rest_route=%2Fwp%2Fv2%2Fproduct_brand&post=4496"},{"taxonomy":"product_cat","embeddable":true,"href":"http:\/\/www.yespara.tn\/index.php?rest_route=%2Fwp%2Fv2%2Fproduct_cat&post=4496"},{"taxonomy":"product_tag","embeddable":true,"href":"http:\/\/www.yespara.tn\/index.php?rest_route=%2Fwp%2Fv2%2Fproduct_tag&post=4496"}],"curies":[{"name":"wp","href":"https:\/\/api.w.org\/{rel}","templated":true}]}}