{"id":4494,"date":"2026-02-28T11:27:26","date_gmt":"2026-02-28T10:27:26","guid":{"rendered":"http:\/\/198.46.190.232\/mypara\/?product=novexpert-lexfoliant-expert-50ml"},"modified":"2026-02-28T11:27:26","modified_gmt":"2026-02-28T10:27:26","slug":"novexpert-lexfoliant-expert-50ml","status":"publish","type":"product","link":"http:\/\/www.yespara.tn\/?product=novexpert-lexfoliant-expert-50ml","title":{"rendered":"Novexpert l\u2019exfoliant expert 50ml"},"content":{"rendered":"","protected":false},"excerpt":{"rendered":"<p>PEELING \u00ab\u00a0BIOLOGIQUE\u00a0\u00bb en profondeur avec la gluconolactone (PHA) haute tol\u00e9rance associ\u00e9e \u00e0 la vitamine C pour assurer une action magistrale sur l\u2019\u00e9clat du teint. Les PHA d\u00e9voilent une peau d\u2019apparence plus jeune et durablement plus fraiche.<\/p>\n","protected":false},"featured_media":4493,"comment_status":"open","ping_status":"closed","template":"","meta":[],"product_brand":[],"product_cat":[2531],"product_tag":[],"class_list":{"0":"post-4494","1":"product","2":"type-product","3":"status-publish","4":"has-post-thumbnail","6":"product_cat-novexpert-soins-visage-masques-visage-et-gommage","8":"first","9":"instock","10":"taxable","11":"shipping-taxable","12":"product-type-simple"},"_links":{"self":[{"href":"http:\/\/www.yespara.tn\/index.php?rest_route=\/wp\/v2\/product\/4494","targetHints":{"allow":["GET"]}}],"collection":[{"href":"http:\/\/www.yespara.tn\/index.php?rest_route=\/wp\/v2\/product"}],"about":[{"href":"http:\/\/www.yespara.tn\/index.php?rest_route=\/wp\/v2\/types\/product"}],"replies":[{"embeddable":true,"href":"http:\/\/www.yespara.tn\/index.php?rest_route=%2Fwp%2Fv2%2Fcomments&post=4494"}],"wp:featuredmedia":[{"embeddable":true,"href":"http:\/\/www.yespara.tn\/index.php?rest_route=\/wp\/v2\/media\/4493"}],"wp:attachment":[{"href":"http:\/\/www.yespara.tn\/index.php?rest_route=%2Fwp%2Fv2%2Fmedia&parent=4494"}],"wp:term":[{"taxonomy":"product_brand","embeddable":true,"href":"http:\/\/www.yespara.tn\/index.php?rest_route=%2Fwp%2Fv2%2Fproduct_brand&post=4494"},{"taxonomy":"product_cat","embeddable":true,"href":"http:\/\/www.yespara.tn\/index.php?rest_route=%2Fwp%2Fv2%2Fproduct_cat&post=4494"},{"taxonomy":"product_tag","embeddable":true,"href":"http:\/\/www.yespara.tn\/index.php?rest_route=%2Fwp%2Fv2%2Fproduct_tag&post=4494"}],"curies":[{"name":"wp","href":"https:\/\/api.w.org\/{rel}","templated":true}]}}