{"id":4456,"date":"2026-02-28T11:26:55","date_gmt":"2026-02-28T10:26:55","guid":{"rendered":"http:\/\/198.46.190.232\/mypara\/?product=avene-a-oxitive-creme-nuit-soin-peeling-30ml"},"modified":"2026-02-28T11:26:55","modified_gmt":"2026-02-28T10:26:55","slug":"avene-a-oxitive-creme-nuit-soin-peeling-30ml","status":"publish","type":"product","link":"http:\/\/www.yespara.tn\/?product=avene-a-oxitive-creme-nuit-soin-peeling-30ml","title":{"rendered":"avene a-oxitive creme nuit soin peeling 30ml"},"content":{"rendered":"","protected":false},"excerpt":{"rendered":"<p>\u00c9quivalent \u00e0 3 s\u00e9ances de peeling*, ce soin de nuit aide \u00e0 pr\u00e9venir les signes de l\u2019\u00e2ge et \u00e0 limiter les dommages caus\u00e9s par le stress oxydatif. Le Complexe R\u00e9novateur relance l\u2019activit\u00e9 cellulaire. D\u00e9toxifiant, reg\u00e9n\u00e9rant, lissant<\/p>\n","protected":false},"featured_media":4455,"comment_status":"open","ping_status":"closed","template":"","meta":[],"product_brand":[],"product_cat":[3260],"product_tag":[],"class_list":{"0":"post-4456","1":"product","2":"type-product","3":"status-publish","4":"has-post-thumbnail","6":"product_cat-avene-soins-visage-soins-anti-age-et-anti-rides","8":"first","9":"instock","10":"taxable","11":"shipping-taxable","12":"product-type-simple"},"_links":{"self":[{"href":"http:\/\/www.yespara.tn\/index.php?rest_route=\/wp\/v2\/product\/4456","targetHints":{"allow":["GET"]}}],"collection":[{"href":"http:\/\/www.yespara.tn\/index.php?rest_route=\/wp\/v2\/product"}],"about":[{"href":"http:\/\/www.yespara.tn\/index.php?rest_route=\/wp\/v2\/types\/product"}],"replies":[{"embeddable":true,"href":"http:\/\/www.yespara.tn\/index.php?rest_route=%2Fwp%2Fv2%2Fcomments&post=4456"}],"wp:featuredmedia":[{"embeddable":true,"href":"http:\/\/www.yespara.tn\/index.php?rest_route=\/wp\/v2\/media\/4455"}],"wp:attachment":[{"href":"http:\/\/www.yespara.tn\/index.php?rest_route=%2Fwp%2Fv2%2Fmedia&parent=4456"}],"wp:term":[{"taxonomy":"product_brand","embeddable":true,"href":"http:\/\/www.yespara.tn\/index.php?rest_route=%2Fwp%2Fv2%2Fproduct_brand&post=4456"},{"taxonomy":"product_cat","embeddable":true,"href":"http:\/\/www.yespara.tn\/index.php?rest_route=%2Fwp%2Fv2%2Fproduct_cat&post=4456"},{"taxonomy":"product_tag","embeddable":true,"href":"http:\/\/www.yespara.tn\/index.php?rest_route=%2Fwp%2Fv2%2Fproduct_tag&post=4456"}],"curies":[{"name":"wp","href":"https:\/\/api.w.org\/{rel}","templated":true}]}}