{"id":4452,"date":"2026-02-28T11:26:49","date_gmt":"2026-02-28T10:26:49","guid":{"rendered":"http:\/\/198.46.190.232\/mypara\/?product=kuora-creme-fluide-effet-botox-50ml"},"modified":"2026-02-28T11:26:49","modified_gmt":"2026-02-28T10:26:49","slug":"kuora-creme-fluide-effet-botox-50ml","status":"publish","type":"product","link":"http:\/\/www.yespara.tn\/?product=kuora-creme-fluide-effet-botox-50ml","title":{"rendered":"kuora creme fluide effet botox 50ml"},"content":{"rendered":"","protected":false},"excerpt":{"rendered":"<p>KUORA 28 DAYS BOTOX EFFECT FACIAL CREAM SPF10 50ML : Cr\u00e8me pour le visage \u00e0 effet Botox, adapt\u00e9e pour traiter et r\u00e9duire les rides et les rides d\u2019expression sur tous les types de peau. R\u00e9novateur cutan\u00e9 pour lisser les rides et les lignes d\u2019expression en obtenant une peau visiblement plus jeune, en affinant la surface de la peau. Adoucissant les rides et dissolvant les imperfections.<\/p>\n","protected":false},"featured_media":4451,"comment_status":"open","ping_status":"closed","template":"","meta":[],"product_brand":[],"product_cat":[3258],"product_tag":[],"class_list":{"0":"post-4452","1":"product","2":"type-product","3":"status-publish","4":"has-post-thumbnail","6":"product_cat-kuora-soins-visage-soins-liftant-soins-anti-age-et-anti-rides-2","8":"first","9":"instock","10":"taxable","11":"shipping-taxable","12":"product-type-simple"},"_links":{"self":[{"href":"http:\/\/www.yespara.tn\/index.php?rest_route=\/wp\/v2\/product\/4452","targetHints":{"allow":["GET"]}}],"collection":[{"href":"http:\/\/www.yespara.tn\/index.php?rest_route=\/wp\/v2\/product"}],"about":[{"href":"http:\/\/www.yespara.tn\/index.php?rest_route=\/wp\/v2\/types\/product"}],"replies":[{"embeddable":true,"href":"http:\/\/www.yespara.tn\/index.php?rest_route=%2Fwp%2Fv2%2Fcomments&post=4452"}],"wp:featuredmedia":[{"embeddable":true,"href":"http:\/\/www.yespara.tn\/index.php?rest_route=\/wp\/v2\/media\/4451"}],"wp:attachment":[{"href":"http:\/\/www.yespara.tn\/index.php?rest_route=%2Fwp%2Fv2%2Fmedia&parent=4452"}],"wp:term":[{"taxonomy":"product_brand","embeddable":true,"href":"http:\/\/www.yespara.tn\/index.php?rest_route=%2Fwp%2Fv2%2Fproduct_brand&post=4452"},{"taxonomy":"product_cat","embeddable":true,"href":"http:\/\/www.yespara.tn\/index.php?rest_route=%2Fwp%2Fv2%2Fproduct_cat&post=4452"},{"taxonomy":"product_tag","embeddable":true,"href":"http:\/\/www.yespara.tn\/index.php?rest_route=%2Fwp%2Fv2%2Fproduct_tag&post=4452"}],"curies":[{"name":"wp","href":"https:\/\/api.w.org\/{rel}","templated":true}]}}