{"id":4324,"date":"2026-02-28T11:25:10","date_gmt":"2026-02-28T10:25:10","guid":{"rendered":"http:\/\/198.46.190.232\/mypara\/?product=cytolnat-cytolclean-gel-nettoyant-175ml"},"modified":"2026-03-04T14:53:50","modified_gmt":"2026-03-04T13:53:50","slug":"cytolnat-cytolclean-gel-nettoyant-175ml","status":"publish","type":"product","link":"http:\/\/www.yespara.tn\/?product=cytolnat-cytolclean-gel-nettoyant-175ml","title":{"rendered":"CYTOLNAT CYTOLCLEAN GEL NETTOYANT 175ML"},"content":{"rendered":"","protected":false},"excerpt":{"rendered":"<p>\u2714 Nettoie la peau en douceur sans l\u2019agresser \ud83e\uddfc \u2714 \u00c9limine l\u2019exc\u00e8s de s\u00e9bum et les impuret\u00e9s \ud83c\udf3f \u2714 Pr\u00e9serve le film hydrolipidique naturel de la peau \ud83d\udca7 \u2714 Laisse la peau propre, douce et fra\u00eeche \u2728 \u2714 Convient aux peaux sensibles, mixtes ou grasses<\/p>\n","protected":false},"featured_media":4323,"comment_status":"open","ping_status":"closed","template":"","meta":[],"product_brand":[],"product_cat":[3206,2128],"product_tag":[],"class_list":{"0":"post-4324","1":"product","2":"type-product","3":"status-publish","4":"has-post-thumbnail","6":"product_cat-cytol-nat-soins-visage-gels-nettoyants","7":"product_cat-demaquillants","9":"first","10":"instock","11":"sale","12":"taxable","13":"shipping-taxable","14":"purchasable","15":"product-type-simple"},"_links":{"self":[{"href":"http:\/\/www.yespara.tn\/index.php?rest_route=\/wp\/v2\/product\/4324","targetHints":{"allow":["GET"]}}],"collection":[{"href":"http:\/\/www.yespara.tn\/index.php?rest_route=\/wp\/v2\/product"}],"about":[{"href":"http:\/\/www.yespara.tn\/index.php?rest_route=\/wp\/v2\/types\/product"}],"replies":[{"embeddable":true,"href":"http:\/\/www.yespara.tn\/index.php?rest_route=%2Fwp%2Fv2%2Fcomments&post=4324"}],"wp:featuredmedia":[{"embeddable":true,"href":"http:\/\/www.yespara.tn\/index.php?rest_route=\/wp\/v2\/media\/4323"}],"wp:attachment":[{"href":"http:\/\/www.yespara.tn\/index.php?rest_route=%2Fwp%2Fv2%2Fmedia&parent=4324"}],"wp:term":[{"taxonomy":"product_brand","embeddable":true,"href":"http:\/\/www.yespara.tn\/index.php?rest_route=%2Fwp%2Fv2%2Fproduct_brand&post=4324"},{"taxonomy":"product_cat","embeddable":true,"href":"http:\/\/www.yespara.tn\/index.php?rest_route=%2Fwp%2Fv2%2Fproduct_cat&post=4324"},{"taxonomy":"product_tag","embeddable":true,"href":"http:\/\/www.yespara.tn\/index.php?rest_route=%2Fwp%2Fv2%2Fproduct_tag&post=4324"}],"curies":[{"name":"wp","href":"https:\/\/api.w.org\/{rel}","templated":true}]}}