{"id":4310,"date":"2026-02-28T11:24:59","date_gmt":"2026-02-28T10:24:59","guid":{"rendered":"http:\/\/198.46.190.232\/mypara\/?product=dermacare-purenet-skin-gel-nettoyant-assainissant-200ml"},"modified":"2026-03-14T14:07:20","modified_gmt":"2026-03-14T13:07:20","slug":"dermacare-purenet-skin-gel-nettoyant-assainissant-200ml","status":"publish","type":"product","link":"http:\/\/www.yespara.tn\/?product=dermacare-purenet-skin-gel-nettoyant-assainissant-200ml","title":{"rendered":"DERMACARE  purenet skin GEL NETTOYANT assainissant 200ml"},"content":{"rendered":"","protected":false},"excerpt":{"rendered":"<p>\ud83e\uddfc\u2728 DERMACARE PURENET SKIN \u2013 Gel Nettoyant Assainissant \ud83c\udf3f Nettoyant doux &#038; purifiant pour peaux grasses et sensibles. \ud83d\uded1 D\u00e9sincruste &#038; \u00e9limine les impuret\u00e9s et l\u2019exc\u00e8s de s\u00e9bum. \ud83d\udca6 Nettoie sans dess\u00e9cher gr\u00e2ce \u00e0 sa mousse onctueuse. \u2705 Sans savon \u2013 Sans alcool \u2013 Sans colorants \u2013 Sans parab\u00e8ne \ud83d\udd2c Test\u00e9 sur peaux \u00e0 tendance acn\u00e9ique \ud83d\udc69\u200d\u2695\ufe0f R\u00e9sultats : Peau nette, fra\u00eeche et matifi\u00e9e \ud83c\udf1f<\/p>\n","protected":false},"featured_media":4309,"comment_status":"open","ping_status":"closed","template":"","meta":[],"product_brand":[],"product_cat":[2128,3201],"product_tag":[],"class_list":{"0":"post-4310","1":"product","2":"type-product","3":"status-publish","4":"has-post-thumbnail","6":"product_cat-demaquillants","7":"product_cat-dermacare-soins-visage-gels-nettoyants","9":"first","10":"outofstock","11":"sale","12":"taxable","13":"shipping-taxable","14":"purchasable","15":"product-type-simple"},"_links":{"self":[{"href":"http:\/\/www.yespara.tn\/index.php?rest_route=\/wp\/v2\/product\/4310","targetHints":{"allow":["GET"]}}],"collection":[{"href":"http:\/\/www.yespara.tn\/index.php?rest_route=\/wp\/v2\/product"}],"about":[{"href":"http:\/\/www.yespara.tn\/index.php?rest_route=\/wp\/v2\/types\/product"}],"replies":[{"embeddable":true,"href":"http:\/\/www.yespara.tn\/index.php?rest_route=%2Fwp%2Fv2%2Fcomments&post=4310"}],"wp:featuredmedia":[{"embeddable":true,"href":"http:\/\/www.yespara.tn\/index.php?rest_route=\/wp\/v2\/media\/4309"}],"wp:attachment":[{"href":"http:\/\/www.yespara.tn\/index.php?rest_route=%2Fwp%2Fv2%2Fmedia&parent=4310"}],"wp:term":[{"taxonomy":"product_brand","embeddable":true,"href":"http:\/\/www.yespara.tn\/index.php?rest_route=%2Fwp%2Fv2%2Fproduct_brand&post=4310"},{"taxonomy":"product_cat","embeddable":true,"href":"http:\/\/www.yespara.tn\/index.php?rest_route=%2Fwp%2Fv2%2Fproduct_cat&post=4310"},{"taxonomy":"product_tag","embeddable":true,"href":"http:\/\/www.yespara.tn\/index.php?rest_route=%2Fwp%2Fv2%2Fproduct_tag&post=4310"}],"curies":[{"name":"wp","href":"https:\/\/api.w.org\/{rel}","templated":true}]}}