{"id":4288,"date":"2026-02-28T11:24:37","date_gmt":"2026-02-28T10:24:37","guid":{"rendered":"http:\/\/198.46.190.232\/mypara\/?product=uriage-eau-thermale-150ml"},"modified":"2026-02-28T11:24:37","modified_gmt":"2026-02-28T10:24:37","slug":"uriage-eau-thermale-150ml","status":"publish","type":"product","link":"http:\/\/www.yespara.tn\/?product=uriage-eau-thermale-150ml","title":{"rendered":"URIAGE eau thermale 150ML"},"content":{"rendered":"","protected":false},"excerpt":{"rendered":"<p>Le spray d\u2019Eau Thermale, c\u2019est l\u2019eau de soin id\u00e9al pour une cure d\u2019oligo-\u00e9l\u00e9ments et de sels min\u00e9raux au quotidien quel que soit le moment, quel que soit le besoin. Pour votre trousse \u00ab\u00a0soleil\u00a0\u00bb.<\/p>\n","protected":false},"featured_media":4287,"comment_status":"open","ping_status":"closed","template":"","meta":[],"product_brand":[],"product_cat":[3193],"product_tag":[],"class_list":{"0":"post-4288","1":"product","2":"type-product","3":"status-publish","4":"has-post-thumbnail","6":"product_cat-uriage-soins-visage-eaux-thermales-2","8":"first","9":"instock","10":"taxable","11":"shipping-taxable","12":"product-type-simple"},"_links":{"self":[{"href":"http:\/\/www.yespara.tn\/index.php?rest_route=\/wp\/v2\/product\/4288","targetHints":{"allow":["GET"]}}],"collection":[{"href":"http:\/\/www.yespara.tn\/index.php?rest_route=\/wp\/v2\/product"}],"about":[{"href":"http:\/\/www.yespara.tn\/index.php?rest_route=\/wp\/v2\/types\/product"}],"replies":[{"embeddable":true,"href":"http:\/\/www.yespara.tn\/index.php?rest_route=%2Fwp%2Fv2%2Fcomments&post=4288"}],"wp:featuredmedia":[{"embeddable":true,"href":"http:\/\/www.yespara.tn\/index.php?rest_route=\/wp\/v2\/media\/4287"}],"wp:attachment":[{"href":"http:\/\/www.yespara.tn\/index.php?rest_route=%2Fwp%2Fv2%2Fmedia&parent=4288"}],"wp:term":[{"taxonomy":"product_brand","embeddable":true,"href":"http:\/\/www.yespara.tn\/index.php?rest_route=%2Fwp%2Fv2%2Fproduct_brand&post=4288"},{"taxonomy":"product_cat","embeddable":true,"href":"http:\/\/www.yespara.tn\/index.php?rest_route=%2Fwp%2Fv2%2Fproduct_cat&post=4288"},{"taxonomy":"product_tag","embeddable":true,"href":"http:\/\/www.yespara.tn\/index.php?rest_route=%2Fwp%2Fv2%2Fproduct_tag&post=4288"}],"curies":[{"name":"wp","href":"https:\/\/api.w.org\/{rel}","templated":true}]}}