{"id":4256,"date":"2026-02-28T11:24:10","date_gmt":"2026-02-28T10:24:10","guid":{"rendered":"http:\/\/198.46.190.232\/mypara\/?product=avene-hydrance-creme-uv-riche-spf30-40ml"},"modified":"2026-02-28T11:24:10","modified_gmt":"2026-02-28T10:24:10","slug":"avene-hydrance-creme-uv-riche-spf30-40ml","status":"publish","type":"product","link":"http:\/\/www.yespara.tn\/?product=avene-hydrance-creme-uv-riche-spf30-40ml","title":{"rendered":"Avene Hydrance Creme Uv Riche Spf30 40ml"},"content":{"rendered":"","protected":false},"excerpt":{"rendered":"<p>Une cr\u00e8me hydratante SPF 30, anti-UV, riche, qui laisse la peau hydrat\u00e9e, confortable et prot\u00e9g\u00e9e durant toute la journ\u00e9e. Hydratant 24h. Hydratant, adoucissant, Photo-protecteur SPF 30<\/p>\n","protected":false},"featured_media":4255,"comment_status":"open","ping_status":"closed","template":"","meta":[],"product_brand":[],"product_cat":[3178],"product_tag":[],"class_list":{"0":"post-4256","1":"product","2":"type-product","3":"status-publish","4":"has-post-thumbnail","6":"product_cat-avene-soins-visage-2","8":"first","9":"instock","10":"taxable","11":"shipping-taxable","12":"product-type-simple"},"_links":{"self":[{"href":"http:\/\/www.yespara.tn\/index.php?rest_route=\/wp\/v2\/product\/4256","targetHints":{"allow":["GET"]}}],"collection":[{"href":"http:\/\/www.yespara.tn\/index.php?rest_route=\/wp\/v2\/product"}],"about":[{"href":"http:\/\/www.yespara.tn\/index.php?rest_route=\/wp\/v2\/types\/product"}],"replies":[{"embeddable":true,"href":"http:\/\/www.yespara.tn\/index.php?rest_route=%2Fwp%2Fv2%2Fcomments&post=4256"}],"wp:featuredmedia":[{"embeddable":true,"href":"http:\/\/www.yespara.tn\/index.php?rest_route=\/wp\/v2\/media\/4255"}],"wp:attachment":[{"href":"http:\/\/www.yespara.tn\/index.php?rest_route=%2Fwp%2Fv2%2Fmedia&parent=4256"}],"wp:term":[{"taxonomy":"product_brand","embeddable":true,"href":"http:\/\/www.yespara.tn\/index.php?rest_route=%2Fwp%2Fv2%2Fproduct_brand&post=4256"},{"taxonomy":"product_cat","embeddable":true,"href":"http:\/\/www.yespara.tn\/index.php?rest_route=%2Fwp%2Fv2%2Fproduct_cat&post=4256"},{"taxonomy":"product_tag","embeddable":true,"href":"http:\/\/www.yespara.tn\/index.php?rest_route=%2Fwp%2Fv2%2Fproduct_tag&post=4256"}],"curies":[{"name":"wp","href":"https:\/\/api.w.org\/{rel}","templated":true}]}}