{"id":4246,"date":"2026-02-28T11:24:00","date_gmt":"2026-02-28T10:24:00","guid":{"rendered":"http:\/\/198.46.190.232\/mypara\/?product=svr-ampoule-c-anti-ox-30ml"},"modified":"2026-02-28T12:44:53","modified_gmt":"2026-02-28T11:44:53","slug":"svr-ampoule-c-anti-ox-30ml","status":"publish","type":"product","link":"http:\/\/www.yespara.tn\/?product=svr-ampoule-c-anti-ox-30ml","title":{"rendered":"SVR AMPOULE C ANTI-OX 30ML"},"content":{"rendered":"","protected":false},"excerpt":{"rendered":"<p>\ud83d\udca7 Ampoule Anti-Ox Vitamine C 20% \ud83c\udf1f Pour tous types de peaux \u2714\ufe0f B\u00e9n\u00e9fices cl\u00e9s : Recharge la peau \u26a1 R\u00e9gule la synth\u00e8se de m\u00e9lanine \ud83d\udee1\ufe0f R\u00e9v\u00e8le l\u2019\u00e9clat du teint \u2728 Neutralise les radicaux libres (UV, stress, pollution) \ud83c\udf3f Pr\u00e9vient l\u2019 inflammation li\u00e9e \u00e0 la photoprotection Tonifie la peau &#038; estompe les signes de l\u2019\u00e2ge \ud83d\udc76<\/p>\n","protected":false},"featured_media":4245,"comment_status":"open","ping_status":"closed","template":"","meta":[],"product_brand":[],"product_cat":[3176],"product_tag":[],"class_list":{"0":"post-4246","1":"product","2":"type-product","3":"status-publish","4":"has-post-thumbnail","6":"product_cat-svr-soins-visage-soins-anti-age-et-anti-rides-2","8":"first","9":"instock","10":"sale","11":"taxable","12":"shipping-taxable","13":"purchasable","14":"product-type-simple"},"_links":{"self":[{"href":"http:\/\/www.yespara.tn\/index.php?rest_route=\/wp\/v2\/product\/4246","targetHints":{"allow":["GET"]}}],"collection":[{"href":"http:\/\/www.yespara.tn\/index.php?rest_route=\/wp\/v2\/product"}],"about":[{"href":"http:\/\/www.yespara.tn\/index.php?rest_route=\/wp\/v2\/types\/product"}],"replies":[{"embeddable":true,"href":"http:\/\/www.yespara.tn\/index.php?rest_route=%2Fwp%2Fv2%2Fcomments&post=4246"}],"wp:featuredmedia":[{"embeddable":true,"href":"http:\/\/www.yespara.tn\/index.php?rest_route=\/wp\/v2\/media\/4245"}],"wp:attachment":[{"href":"http:\/\/www.yespara.tn\/index.php?rest_route=%2Fwp%2Fv2%2Fmedia&parent=4246"}],"wp:term":[{"taxonomy":"product_brand","embeddable":true,"href":"http:\/\/www.yespara.tn\/index.php?rest_route=%2Fwp%2Fv2%2Fproduct_brand&post=4246"},{"taxonomy":"product_cat","embeddable":true,"href":"http:\/\/www.yespara.tn\/index.php?rest_route=%2Fwp%2Fv2%2Fproduct_cat&post=4246"},{"taxonomy":"product_tag","embeddable":true,"href":"http:\/\/www.yespara.tn\/index.php?rest_route=%2Fwp%2Fv2%2Fproduct_tag&post=4246"}],"curies":[{"name":"wp","href":"https:\/\/api.w.org\/{rel}","templated":true}]}}