{"id":4236,"date":"2026-02-28T11:23:53","date_gmt":"2026-02-28T10:23:53","guid":{"rendered":"http:\/\/198.46.190.232\/mypara\/?product=svr-topialyse-creme-emolliente-200ml"},"modified":"2026-02-28T11:23:53","modified_gmt":"2026-02-28T10:23:53","slug":"svr-topialyse-creme-emolliente-200ml","status":"publish","type":"product","link":"http:\/\/www.yespara.tn\/?product=svr-topialyse-creme-emolliente-200ml","title":{"rendered":"SVR topialyse CREME EMOLLIENTE 200ml"},"content":{"rendered":"","protected":false},"excerpt":{"rendered":"<p>Soin nourrissant anti-dess\u00e8chement Le soin nourrissant, apaisant de toute la famille. Peaux s\u00e8ches, sensibles, inconfortables. Hydratation 48h. Texture ultra-fondante permettant un habillage imm\u00e9diat. Formule avec 98% d\u2019ingr\u00e9dients d\u2019origine naturelle, enrichie en beurre de karit\u00e9, beurre de babassu et huiles v\u00e9g\u00e9tales.<\/p>\n","protected":false},"featured_media":4235,"comment_status":"open","ping_status":"closed","template":"","meta":[],"product_brand":[],"product_cat":[2386],"product_tag":[],"class_list":{"0":"post-4236","1":"product","2":"type-product","3":"status-publish","4":"has-post-thumbnail","6":"product_cat-soins-visage-soins-hydratants-et-nourrissants-peaux-seches","8":"first","9":"instock","10":"taxable","11":"shipping-taxable","12":"product-type-simple"},"_links":{"self":[{"href":"http:\/\/www.yespara.tn\/index.php?rest_route=\/wp\/v2\/product\/4236","targetHints":{"allow":["GET"]}}],"collection":[{"href":"http:\/\/www.yespara.tn\/index.php?rest_route=\/wp\/v2\/product"}],"about":[{"href":"http:\/\/www.yespara.tn\/index.php?rest_route=\/wp\/v2\/types\/product"}],"replies":[{"embeddable":true,"href":"http:\/\/www.yespara.tn\/index.php?rest_route=%2Fwp%2Fv2%2Fcomments&post=4236"}],"wp:featuredmedia":[{"embeddable":true,"href":"http:\/\/www.yespara.tn\/index.php?rest_route=\/wp\/v2\/media\/4235"}],"wp:attachment":[{"href":"http:\/\/www.yespara.tn\/index.php?rest_route=%2Fwp%2Fv2%2Fmedia&parent=4236"}],"wp:term":[{"taxonomy":"product_brand","embeddable":true,"href":"http:\/\/www.yespara.tn\/index.php?rest_route=%2Fwp%2Fv2%2Fproduct_brand&post=4236"},{"taxonomy":"product_cat","embeddable":true,"href":"http:\/\/www.yespara.tn\/index.php?rest_route=%2Fwp%2Fv2%2Fproduct_cat&post=4236"},{"taxonomy":"product_tag","embeddable":true,"href":"http:\/\/www.yespara.tn\/index.php?rest_route=%2Fwp%2Fv2%2Fproduct_tag&post=4236"}],"curies":[{"name":"wp","href":"https:\/\/api.w.org\/{rel}","templated":true}]}}