{"id":4224,"date":"2026-02-28T11:23:45","date_gmt":"2026-02-28T10:23:45","guid":{"rendered":"http:\/\/198.46.190.232\/mypara\/?product=svr-clairial-creme-anti-taches-brunes-spf50-40-ml"},"modified":"2026-02-28T11:23:45","modified_gmt":"2026-02-28T10:23:45","slug":"svr-clairial-creme-anti-taches-brunes-spf50-40-ml","status":"publish","type":"product","link":"http:\/\/www.yespara.tn\/?product=svr-clairial-creme-anti-taches-brunes-spf50-40-ml","title":{"rendered":"svr clairial creme anti-taches brunes spf50+ 40 ml"},"content":{"rendered":"","protected":false},"excerpt":{"rendered":"<p>SVR clairial creme anti-taches : Tr\u00e8s haute protection solaire pour les peaux pr\u00e9sentant des taches brunes \u00e9tendues ou localis\u00e9es.<\/p>\n","protected":false},"featured_media":4223,"comment_status":"open","ping_status":"closed","template":"","meta":[],"product_brand":[],"product_cat":[2229],"product_tag":[],"class_list":{"0":"post-4224","1":"product","2":"type-product","3":"status-publish","4":"has-post-thumbnail","6":"product_cat-svr-soins-visage-2","8":"first","9":"instock","10":"taxable","11":"shipping-taxable","12":"product-type-simple"},"_links":{"self":[{"href":"http:\/\/www.yespara.tn\/index.php?rest_route=\/wp\/v2\/product\/4224","targetHints":{"allow":["GET"]}}],"collection":[{"href":"http:\/\/www.yespara.tn\/index.php?rest_route=\/wp\/v2\/product"}],"about":[{"href":"http:\/\/www.yespara.tn\/index.php?rest_route=\/wp\/v2\/types\/product"}],"replies":[{"embeddable":true,"href":"http:\/\/www.yespara.tn\/index.php?rest_route=%2Fwp%2Fv2%2Fcomments&post=4224"}],"wp:featuredmedia":[{"embeddable":true,"href":"http:\/\/www.yespara.tn\/index.php?rest_route=\/wp\/v2\/media\/4223"}],"wp:attachment":[{"href":"http:\/\/www.yespara.tn\/index.php?rest_route=%2Fwp%2Fv2%2Fmedia&parent=4224"}],"wp:term":[{"taxonomy":"product_brand","embeddable":true,"href":"http:\/\/www.yespara.tn\/index.php?rest_route=%2Fwp%2Fv2%2Fproduct_brand&post=4224"},{"taxonomy":"product_cat","embeddable":true,"href":"http:\/\/www.yespara.tn\/index.php?rest_route=%2Fwp%2Fv2%2Fproduct_cat&post=4224"},{"taxonomy":"product_tag","embeddable":true,"href":"http:\/\/www.yespara.tn\/index.php?rest_route=%2Fwp%2Fv2%2Fproduct_tag&post=4224"}],"curies":[{"name":"wp","href":"https:\/\/api.w.org\/{rel}","templated":true}]}}