{"id":4192,"date":"2026-02-28T11:23:15","date_gmt":"2026-02-28T10:23:15","guid":{"rendered":"http:\/\/198.46.190.232\/mypara\/?product=ultrasun-face-anti-ageing-and-anti-pigmentation-spf-50-40ml"},"modified":"2026-02-28T11:23:15","modified_gmt":"2026-02-28T10:23:15","slug":"ultrasun-face-anti-ageing-and-anti-pigmentation-spf-50-40ml","status":"publish","type":"product","link":"http:\/\/www.yespara.tn\/?product=ultrasun-face-anti-ageing-and-anti-pigmentation-spf-50-40ml","title":{"rendered":"Ultrasun Face Anti-Ageing and Anti-Pigmentation spf 50+ 40ml"},"content":{"rendered":"","protected":false},"excerpt":{"rendered":"<p>Cet \u00e9cran solaire tout-en-un \u00e0 large spectre aidera \u00e0 r\u00e9duire l\u2019apparence des rides et de la pigmentation tout en nourrissant et en prot\u00e9geant votre peau gr\u00e2ce \u00e0 sa formule l\u00e9g\u00e8re et sans huile.<\/p>\n","protected":false},"featured_media":4191,"comment_status":"open","ping_status":"closed","template":"","meta":[],"product_brand":[],"product_cat":[3147],"product_tag":[],"class_list":{"0":"post-4192","1":"product","2":"type-product","3":"status-publish","4":"has-post-thumbnail","6":"product_cat-ultrasun-soins-visage-2","8":"first","9":"instock","10":"taxable","11":"shipping-taxable","12":"product-type-simple"},"_links":{"self":[{"href":"http:\/\/www.yespara.tn\/index.php?rest_route=\/wp\/v2\/product\/4192","targetHints":{"allow":["GET"]}}],"collection":[{"href":"http:\/\/www.yespara.tn\/index.php?rest_route=\/wp\/v2\/product"}],"about":[{"href":"http:\/\/www.yespara.tn\/index.php?rest_route=\/wp\/v2\/types\/product"}],"replies":[{"embeddable":true,"href":"http:\/\/www.yespara.tn\/index.php?rest_route=%2Fwp%2Fv2%2Fcomments&post=4192"}],"wp:featuredmedia":[{"embeddable":true,"href":"http:\/\/www.yespara.tn\/index.php?rest_route=\/wp\/v2\/media\/4191"}],"wp:attachment":[{"href":"http:\/\/www.yespara.tn\/index.php?rest_route=%2Fwp%2Fv2%2Fmedia&parent=4192"}],"wp:term":[{"taxonomy":"product_brand","embeddable":true,"href":"http:\/\/www.yespara.tn\/index.php?rest_route=%2Fwp%2Fv2%2Fproduct_brand&post=4192"},{"taxonomy":"product_cat","embeddable":true,"href":"http:\/\/www.yespara.tn\/index.php?rest_route=%2Fwp%2Fv2%2Fproduct_cat&post=4192"},{"taxonomy":"product_tag","embeddable":true,"href":"http:\/\/www.yespara.tn\/index.php?rest_route=%2Fwp%2Fv2%2Fproduct_tag&post=4192"}],"curies":[{"name":"wp","href":"https:\/\/api.w.org\/{rel}","templated":true}]}}