{"id":4148,"date":"2026-02-28T11:22:41","date_gmt":"2026-02-28T10:22:41","guid":{"rendered":"http:\/\/198.46.190.232\/mypara\/?product=acm-sebionex-gel-nettoyant-200ml"},"modified":"2026-03-04T15:19:40","modified_gmt":"2026-03-04T14:19:40","slug":"acm-sebionex-gel-nettoyant-200ml","status":"publish","type":"product","link":"http:\/\/www.yespara.tn\/?product=acm-sebionex-gel-nettoyant-200ml","title":{"rendered":"ACM SEBIONEX GEL NETTOYANT 200ml"},"content":{"rendered":"","protected":false},"excerpt":{"rendered":"<p>Gel nettoyant peaux grasses et \u00e0 imperfections. \u00c9limine l\u2019exc\u00e8s de s\u00e9bum Laisse la peau nette et purifi\u00e9e Respecte le film hydrolipidique et le pH de la peau<\/p>\n","protected":false},"featured_media":4147,"comment_status":"open","ping_status":"closed","template":"","meta":[],"product_brand":[],"product_cat":[2294,2128],"product_tag":[],"class_list":{"0":"post-4148","1":"product","2":"type-product","3":"status-publish","4":"has-post-thumbnail","6":"product_cat-acm-soins-visage-gels-nettoyants","7":"product_cat-demaquillants","9":"first","10":"instock","11":"sale","12":"taxable","13":"shipping-taxable","14":"purchasable","15":"product-type-simple"},"_links":{"self":[{"href":"http:\/\/www.yespara.tn\/index.php?rest_route=\/wp\/v2\/product\/4148","targetHints":{"allow":["GET"]}}],"collection":[{"href":"http:\/\/www.yespara.tn\/index.php?rest_route=\/wp\/v2\/product"}],"about":[{"href":"http:\/\/www.yespara.tn\/index.php?rest_route=\/wp\/v2\/types\/product"}],"replies":[{"embeddable":true,"href":"http:\/\/www.yespara.tn\/index.php?rest_route=%2Fwp%2Fv2%2Fcomments&post=4148"}],"wp:featuredmedia":[{"embeddable":true,"href":"http:\/\/www.yespara.tn\/index.php?rest_route=\/wp\/v2\/media\/4147"}],"wp:attachment":[{"href":"http:\/\/www.yespara.tn\/index.php?rest_route=%2Fwp%2Fv2%2Fmedia&parent=4148"}],"wp:term":[{"taxonomy":"product_brand","embeddable":true,"href":"http:\/\/www.yespara.tn\/index.php?rest_route=%2Fwp%2Fv2%2Fproduct_brand&post=4148"},{"taxonomy":"product_cat","embeddable":true,"href":"http:\/\/www.yespara.tn\/index.php?rest_route=%2Fwp%2Fv2%2Fproduct_cat&post=4148"},{"taxonomy":"product_tag","embeddable":true,"href":"http:\/\/www.yespara.tn\/index.php?rest_route=%2Fwp%2Fv2%2Fproduct_tag&post=4148"}],"curies":[{"name":"wp","href":"https:\/\/api.w.org\/{rel}","templated":true}]}}