{"id":4082,"date":"2026-02-28T11:21:49","date_gmt":"2026-02-28T10:21:49","guid":{"rendered":"http:\/\/198.46.190.232\/mypara\/?product=bioderma-sensibio-forte-soin-apaisant-daction-rapide-40ml"},"modified":"2026-02-28T11:21:49","modified_gmt":"2026-02-28T10:21:49","slug":"bioderma-sensibio-forte-soin-apaisant-daction-rapide-40ml","status":"publish","type":"product","link":"http:\/\/www.yespara.tn\/?product=bioderma-sensibio-forte-soin-apaisant-daction-rapide-40ml","title":{"rendered":"bioderma sensibio forte soin apaisant d\u2019action rapide, 40ml"},"content":{"rendered":"","protected":false},"excerpt":{"rendered":"<p>Bioderma Sensibio Forte soin apaisant de Peaux rougies et \u00e9chauff\u00e9es pour Adultes et Enfants. Sensibio forte apaise rapidement les r\u00e9actions cutan\u00e9es et augmente le seuil de tol\u00e9rance de la peau.<\/p>\n","protected":false},"featured_media":4081,"comment_status":"open","ping_status":"closed","template":"","meta":[],"product_brand":[],"product_cat":[2830],"product_tag":[],"class_list":{"0":"post-4082","1":"product","2":"type-product","3":"status-publish","4":"has-post-thumbnail","6":"product_cat-bioderma-soins-visage-2","8":"first","9":"instock","10":"taxable","11":"shipping-taxable","12":"product-type-simple"},"_links":{"self":[{"href":"http:\/\/www.yespara.tn\/index.php?rest_route=\/wp\/v2\/product\/4082","targetHints":{"allow":["GET"]}}],"collection":[{"href":"http:\/\/www.yespara.tn\/index.php?rest_route=\/wp\/v2\/product"}],"about":[{"href":"http:\/\/www.yespara.tn\/index.php?rest_route=\/wp\/v2\/types\/product"}],"replies":[{"embeddable":true,"href":"http:\/\/www.yespara.tn\/index.php?rest_route=%2Fwp%2Fv2%2Fcomments&post=4082"}],"wp:featuredmedia":[{"embeddable":true,"href":"http:\/\/www.yespara.tn\/index.php?rest_route=\/wp\/v2\/media\/4081"}],"wp:attachment":[{"href":"http:\/\/www.yespara.tn\/index.php?rest_route=%2Fwp%2Fv2%2Fmedia&parent=4082"}],"wp:term":[{"taxonomy":"product_brand","embeddable":true,"href":"http:\/\/www.yespara.tn\/index.php?rest_route=%2Fwp%2Fv2%2Fproduct_brand&post=4082"},{"taxonomy":"product_cat","embeddable":true,"href":"http:\/\/www.yespara.tn\/index.php?rest_route=%2Fwp%2Fv2%2Fproduct_cat&post=4082"},{"taxonomy":"product_tag","embeddable":true,"href":"http:\/\/www.yespara.tn\/index.php?rest_route=%2Fwp%2Fv2%2Fproduct_tag&post=4082"}],"curies":[{"name":"wp","href":"https:\/\/api.w.org\/{rel}","templated":true}]}}