{"id":4068,"date":"2026-02-28T11:21:37","date_gmt":"2026-02-28T10:21:37","guid":{"rendered":"http:\/\/198.46.190.232\/mypara\/?product=eye-care-creme-anti-poches-contour-des-yeux-112-10g"},"modified":"2026-02-28T11:21:37","modified_gmt":"2026-02-28T10:21:37","slug":"eye-care-creme-anti-poches-contour-des-yeux-112-10g","status":"publish","type":"product","link":"http:\/\/www.yespara.tn\/?product=eye-care-creme-anti-poches-contour-des-yeux-112-10g","title":{"rendered":"eye care creme anti poches contour des yeux 112 10g"},"content":{"rendered":"","protected":false},"excerpt":{"rendered":"<p>Les soins Ophtalmic sont \u00e9labor\u00e9s pour r\u00e9pondre aux probl\u00e8mes particuliers du contour de l\u2019oeil gr\u00e2ce \u00e0 des actifs tels que : le th\u00e9 vert, la camomille et la langherine.<\/p>\n","protected":false},"featured_media":4067,"comment_status":"open","ping_status":"closed","template":"","meta":[],"product_brand":[],"product_cat":[3095],"product_tag":[],"class_list":{"0":"post-4068","1":"product","2":"type-product","3":"status-publish","4":"has-post-thumbnail","6":"product_cat-eye-care-cosmitics-yeux-et-levres-soins-visage-contour-des-yeux","8":"first","9":"instock","10":"taxable","11":"shipping-taxable","12":"product-type-simple"},"_links":{"self":[{"href":"http:\/\/www.yespara.tn\/index.php?rest_route=\/wp\/v2\/product\/4068","targetHints":{"allow":["GET"]}}],"collection":[{"href":"http:\/\/www.yespara.tn\/index.php?rest_route=\/wp\/v2\/product"}],"about":[{"href":"http:\/\/www.yespara.tn\/index.php?rest_route=\/wp\/v2\/types\/product"}],"replies":[{"embeddable":true,"href":"http:\/\/www.yespara.tn\/index.php?rest_route=%2Fwp%2Fv2%2Fcomments&post=4068"}],"wp:featuredmedia":[{"embeddable":true,"href":"http:\/\/www.yespara.tn\/index.php?rest_route=\/wp\/v2\/media\/4067"}],"wp:attachment":[{"href":"http:\/\/www.yespara.tn\/index.php?rest_route=%2Fwp%2Fv2%2Fmedia&parent=4068"}],"wp:term":[{"taxonomy":"product_brand","embeddable":true,"href":"http:\/\/www.yespara.tn\/index.php?rest_route=%2Fwp%2Fv2%2Fproduct_brand&post=4068"},{"taxonomy":"product_cat","embeddable":true,"href":"http:\/\/www.yespara.tn\/index.php?rest_route=%2Fwp%2Fv2%2Fproduct_cat&post=4068"},{"taxonomy":"product_tag","embeddable":true,"href":"http:\/\/www.yespara.tn\/index.php?rest_route=%2Fwp%2Fv2%2Fproduct_tag&post=4068"}],"curies":[{"name":"wp","href":"https:\/\/api.w.org\/{rel}","templated":true}]}}