{"id":4060,"date":"2026-02-28T11:21:31","date_gmt":"2026-02-28T10:21:31","guid":{"rendered":"http:\/\/198.46.190.232\/mypara\/?product=eye-care-creme-purifiante"},"modified":"2026-02-28T11:21:31","modified_gmt":"2026-02-28T10:21:31","slug":"eye-care-creme-purifiante","status":"publish","type":"product","link":"http:\/\/www.yespara.tn\/?product=eye-care-creme-purifiante","title":{"rendered":"eye care creme purifiante"},"content":{"rendered":"","protected":false},"excerpt":{"rendered":"<p>Formul\u00e9 pour les peaux grasses ou \u00e0 probl\u00e8mes des adolescents et adultes, ce gel cr\u00e8me \u00e0 l\u2019effet fraicheur est concentr\u00e9 en actifs purifiants et matifiants qui agissent en synergie pour retrouver une peau nette, pure, au teint clair. Le complexe Cleanskin lutte contre la s\u00e9borrh\u00e9e et la k\u00e9ratose ; il est associ\u00e9 au cuivre, zinc, propolis, allantoine pour purifier la peau et combattre l\u2019inflammation. Enfin, un actif matifiant \u00e9limine les brillances.<\/p>\n","protected":false},"featured_media":4059,"comment_status":"open","ping_status":"closed","template":"","meta":[],"product_brand":[],"product_cat":[3086],"product_tag":[],"class_list":{"0":"post-4060","1":"product","2":"type-product","3":"status-publish","4":"has-post-thumbnail","6":"product_cat-eye-care-cosmitics","8":"first","9":"instock","10":"taxable","11":"shipping-taxable","12":"product-type-simple"},"_links":{"self":[{"href":"http:\/\/www.yespara.tn\/index.php?rest_route=\/wp\/v2\/product\/4060","targetHints":{"allow":["GET"]}}],"collection":[{"href":"http:\/\/www.yespara.tn\/index.php?rest_route=\/wp\/v2\/product"}],"about":[{"href":"http:\/\/www.yespara.tn\/index.php?rest_route=\/wp\/v2\/types\/product"}],"replies":[{"embeddable":true,"href":"http:\/\/www.yespara.tn\/index.php?rest_route=%2Fwp%2Fv2%2Fcomments&post=4060"}],"wp:featuredmedia":[{"embeddable":true,"href":"http:\/\/www.yespara.tn\/index.php?rest_route=\/wp\/v2\/media\/4059"}],"wp:attachment":[{"href":"http:\/\/www.yespara.tn\/index.php?rest_route=%2Fwp%2Fv2%2Fmedia&parent=4060"}],"wp:term":[{"taxonomy":"product_brand","embeddable":true,"href":"http:\/\/www.yespara.tn\/index.php?rest_route=%2Fwp%2Fv2%2Fproduct_brand&post=4060"},{"taxonomy":"product_cat","embeddable":true,"href":"http:\/\/www.yespara.tn\/index.php?rest_route=%2Fwp%2Fv2%2Fproduct_cat&post=4060"},{"taxonomy":"product_tag","embeddable":true,"href":"http:\/\/www.yespara.tn\/index.php?rest_route=%2Fwp%2Fv2%2Fproduct_tag&post=4060"}],"curies":[{"name":"wp","href":"https:\/\/api.w.org\/{rel}","templated":true}]}}