{"id":3972,"date":"2026-02-28T11:20:21","date_gmt":"2026-02-28T10:20:21","guid":{"rendered":"http:\/\/198.46.190.232\/mypara\/?product=isispharma-neotone-serum-intensif-nuit-30ml-2"},"modified":"2026-02-28T11:20:21","modified_gmt":"2026-02-28T10:20:21","slug":"isispharma-neotone-serum-intensif-nuit-30ml-2","status":"publish","type":"product","link":"http:\/\/www.yespara.tn\/?product=isispharma-neotone-serum-intensif-nuit-30ml-2","title":{"rendered":"isispharma neotone serum intensif nuit 30ml"},"content":{"rendered":"","protected":false},"excerpt":{"rendered":"<p>ISISPHARMA Neotone S\u00e9rum Intensif Nuit Taches brunes Zones localis\u00e9es Visage, d\u00e9collet\u00e9 et mains 30ml<\/p>\n","protected":false},"featured_media":3971,"comment_status":"open","ping_status":"closed","template":"","meta":[],"product_brand":[],"product_cat":[3052],"product_tag":[],"class_list":{"0":"post-3972","1":"product","2":"type-product","3":"status-publish","4":"has-post-thumbnail","6":"product_cat-isispharma-soins-visage-soins-anti-taches-et-depigmentants","8":"first","9":"instock","10":"taxable","11":"shipping-taxable","12":"product-type-simple"},"_links":{"self":[{"href":"http:\/\/www.yespara.tn\/index.php?rest_route=\/wp\/v2\/product\/3972","targetHints":{"allow":["GET"]}}],"collection":[{"href":"http:\/\/www.yespara.tn\/index.php?rest_route=\/wp\/v2\/product"}],"about":[{"href":"http:\/\/www.yespara.tn\/index.php?rest_route=\/wp\/v2\/types\/product"}],"replies":[{"embeddable":true,"href":"http:\/\/www.yespara.tn\/index.php?rest_route=%2Fwp%2Fv2%2Fcomments&post=3972"}],"wp:featuredmedia":[{"embeddable":true,"href":"http:\/\/www.yespara.tn\/index.php?rest_route=\/wp\/v2\/media\/3971"}],"wp:attachment":[{"href":"http:\/\/www.yespara.tn\/index.php?rest_route=%2Fwp%2Fv2%2Fmedia&parent=3972"}],"wp:term":[{"taxonomy":"product_brand","embeddable":true,"href":"http:\/\/www.yespara.tn\/index.php?rest_route=%2Fwp%2Fv2%2Fproduct_brand&post=3972"},{"taxonomy":"product_cat","embeddable":true,"href":"http:\/\/www.yespara.tn\/index.php?rest_route=%2Fwp%2Fv2%2Fproduct_cat&post=3972"},{"taxonomy":"product_tag","embeddable":true,"href":"http:\/\/www.yespara.tn\/index.php?rest_route=%2Fwp%2Fv2%2Fproduct_tag&post=3972"}],"curies":[{"name":"wp","href":"https:\/\/api.w.org\/{rel}","templated":true}]}}