{"id":3942,"date":"2026-02-28T11:19:56","date_gmt":"2026-02-28T10:19:56","guid":{"rendered":"http:\/\/198.46.190.232\/mypara\/?product=novexpert-creme-peeling-de-nuit-40ml"},"modified":"2026-02-28T11:19:57","modified_gmt":"2026-02-28T10:19:57","slug":"novexpert-creme-peeling-de-nuit-40ml","status":"publish","type":"product","link":"http:\/\/www.yespara.tn\/?product=novexpert-creme-peeling-de-nuit-40ml","title":{"rendered":"novexpert creme peeling de nuit 40ml"},"content":{"rendered":"","protected":false},"excerpt":{"rendered":"<p>Effet \u00ab\u00a0PEAU NEUVE\u00a0\u00bb : \u00e9tonnant sur tous les types de peaux gr\u00e2ce \u00e0 une action micro-peeling progressive. Au r\u00e9veil, le grain de peau est vraiment affin\u00e9, incroyablement doux et le relief cutan\u00e9 visiblement liss\u00e9.<\/p>\n","protected":false},"featured_media":3941,"comment_status":"open","ping_status":"closed","template":"","meta":[],"product_brand":[],"product_cat":[3038],"product_tag":[],"class_list":{"0":"post-3942","1":"product","2":"type-product","3":"status-publish","4":"has-post-thumbnail","6":"product_cat-novexpert-masques-visage-et-gommage","8":"first","9":"instock","10":"taxable","11":"shipping-taxable","12":"product-type-simple"},"_links":{"self":[{"href":"http:\/\/www.yespara.tn\/index.php?rest_route=\/wp\/v2\/product\/3942","targetHints":{"allow":["GET"]}}],"collection":[{"href":"http:\/\/www.yespara.tn\/index.php?rest_route=\/wp\/v2\/product"}],"about":[{"href":"http:\/\/www.yespara.tn\/index.php?rest_route=\/wp\/v2\/types\/product"}],"replies":[{"embeddable":true,"href":"http:\/\/www.yespara.tn\/index.php?rest_route=%2Fwp%2Fv2%2Fcomments&post=3942"}],"wp:featuredmedia":[{"embeddable":true,"href":"http:\/\/www.yespara.tn\/index.php?rest_route=\/wp\/v2\/media\/3941"}],"wp:attachment":[{"href":"http:\/\/www.yespara.tn\/index.php?rest_route=%2Fwp%2Fv2%2Fmedia&parent=3942"}],"wp:term":[{"taxonomy":"product_brand","embeddable":true,"href":"http:\/\/www.yespara.tn\/index.php?rest_route=%2Fwp%2Fv2%2Fproduct_brand&post=3942"},{"taxonomy":"product_cat","embeddable":true,"href":"http:\/\/www.yespara.tn\/index.php?rest_route=%2Fwp%2Fv2%2Fproduct_cat&post=3942"},{"taxonomy":"product_tag","embeddable":true,"href":"http:\/\/www.yespara.tn\/index.php?rest_route=%2Fwp%2Fv2%2Fproduct_tag&post=3942"}],"curies":[{"name":"wp","href":"https:\/\/api.w.org\/{rel}","templated":true}]}}