{"id":3928,"date":"2026-02-28T11:19:43","date_gmt":"2026-02-28T10:19:43","guid":{"rendered":"http:\/\/198.46.190.232\/mypara\/?product=topicrem-gel-nettoyant-douceur-corps-et-cheveux-200ml"},"modified":"2026-02-28T11:19:43","modified_gmt":"2026-02-28T10:19:43","slug":"topicrem-gel-nettoyant-douceur-corps-et-cheveux-200ml","status":"publish","type":"product","link":"http:\/\/www.yespara.tn\/?product=topicrem-gel-nettoyant-douceur-corps-et-cheveux-200ml","title":{"rendered":"topicrem gel nettoyant douceur corps et cheveux 200ml"},"content":{"rendered":"","protected":false},"excerpt":{"rendered":"<p>Le gel nettoyant douceur a \u00e9t\u00e9 sp\u00e9cialement formul\u00e9 pour la toilette des peaux sensibles et s\u00e8ches de toute la famille. Sa base lavante sans savon nettoie en douceur le visage, le corps et le cheveux. Contenance: 200ml<\/p>\n","protected":false},"featured_media":3927,"comment_status":"open","ping_status":"closed","template":"","meta":[],"product_brand":[],"product_cat":[3029],"product_tag":[],"class_list":{"0":"post-3928","1":"product","2":"type-product","3":"status-publish","4":"has-post-thumbnail","6":"product_cat-topicrem","8":"first","9":"instock","10":"taxable","11":"shipping-taxable","12":"product-type-simple"},"_links":{"self":[{"href":"http:\/\/www.yespara.tn\/index.php?rest_route=\/wp\/v2\/product\/3928","targetHints":{"allow":["GET"]}}],"collection":[{"href":"http:\/\/www.yespara.tn\/index.php?rest_route=\/wp\/v2\/product"}],"about":[{"href":"http:\/\/www.yespara.tn\/index.php?rest_route=\/wp\/v2\/types\/product"}],"replies":[{"embeddable":true,"href":"http:\/\/www.yespara.tn\/index.php?rest_route=%2Fwp%2Fv2%2Fcomments&post=3928"}],"wp:featuredmedia":[{"embeddable":true,"href":"http:\/\/www.yespara.tn\/index.php?rest_route=\/wp\/v2\/media\/3927"}],"wp:attachment":[{"href":"http:\/\/www.yespara.tn\/index.php?rest_route=%2Fwp%2Fv2%2Fmedia&parent=3928"}],"wp:term":[{"taxonomy":"product_brand","embeddable":true,"href":"http:\/\/www.yespara.tn\/index.php?rest_route=%2Fwp%2Fv2%2Fproduct_brand&post=3928"},{"taxonomy":"product_cat","embeddable":true,"href":"http:\/\/www.yespara.tn\/index.php?rest_route=%2Fwp%2Fv2%2Fproduct_cat&post=3928"},{"taxonomy":"product_tag","embeddable":true,"href":"http:\/\/www.yespara.tn\/index.php?rest_route=%2Fwp%2Fv2%2Fproduct_tag&post=3928"}],"curies":[{"name":"wp","href":"https:\/\/api.w.org\/{rel}","templated":true}]}}