{"id":3904,"date":"2026-02-28T11:19:27","date_gmt":"2026-02-28T10:19:27","guid":{"rendered":"http:\/\/198.46.190.232\/mypara\/?product=uriage-bariederm-cica-creme-40ml"},"modified":"2026-02-28T12:44:43","modified_gmt":"2026-02-28T11:44:43","slug":"uriage-bariederm-cica-creme-40ml","status":"publish","type":"product","link":"http:\/\/www.yespara.tn\/?product=uriage-bariederm-cica-creme-40ml","title":{"rendered":"URIAGE bariederm CICA-CREME 40ml"},"content":{"rendered":"","protected":false},"excerpt":{"rendered":"<p>Isole et prot\u00e8ge : le brevet Poly-2P cr\u00e9\u00e9 un effet pansement imm\u00e9diat qui isole et prot\u00e8ge. La smectite absorbe et neutralise tandis que l\u2019association du cuivre, du zinc et de l\u2019Eau thermale d\u2019Uriage procure un effet assainissant et anti-irritation.<\/p>\n","protected":false},"featured_media":3903,"comment_status":"open","ping_status":"closed","template":"","meta":[],"product_brand":[],"product_cat":[3006],"product_tag":[],"class_list":{"0":"post-3904","1":"product","2":"type-product","3":"status-publish","4":"has-post-thumbnail","6":"product_cat-uriage-soins-visage-2","8":"first","9":"instock","10":"sale","11":"taxable","12":"shipping-taxable","13":"purchasable","14":"product-type-simple"},"_links":{"self":[{"href":"http:\/\/www.yespara.tn\/index.php?rest_route=\/wp\/v2\/product\/3904","targetHints":{"allow":["GET"]}}],"collection":[{"href":"http:\/\/www.yespara.tn\/index.php?rest_route=\/wp\/v2\/product"}],"about":[{"href":"http:\/\/www.yespara.tn\/index.php?rest_route=\/wp\/v2\/types\/product"}],"replies":[{"embeddable":true,"href":"http:\/\/www.yespara.tn\/index.php?rest_route=%2Fwp%2Fv2%2Fcomments&post=3904"}],"wp:featuredmedia":[{"embeddable":true,"href":"http:\/\/www.yespara.tn\/index.php?rest_route=\/wp\/v2\/media\/3903"}],"wp:attachment":[{"href":"http:\/\/www.yespara.tn\/index.php?rest_route=%2Fwp%2Fv2%2Fmedia&parent=3904"}],"wp:term":[{"taxonomy":"product_brand","embeddable":true,"href":"http:\/\/www.yespara.tn\/index.php?rest_route=%2Fwp%2Fv2%2Fproduct_brand&post=3904"},{"taxonomy":"product_cat","embeddable":true,"href":"http:\/\/www.yespara.tn\/index.php?rest_route=%2Fwp%2Fv2%2Fproduct_cat&post=3904"},{"taxonomy":"product_tag","embeddable":true,"href":"http:\/\/www.yespara.tn\/index.php?rest_route=%2Fwp%2Fv2%2Fproduct_tag&post=3904"}],"curies":[{"name":"wp","href":"https:\/\/api.w.org\/{rel}","templated":true}]}}