{"id":3866,"date":"2026-02-28T11:18:54","date_gmt":"2026-02-28T10:18:54","guid":{"rendered":"http:\/\/198.46.190.232\/mypara\/?product=uriage-age-absolu-masque-de-nuit-redensifiant-50ml"},"modified":"2026-02-28T11:18:54","modified_gmt":"2026-02-28T10:18:54","slug":"uriage-age-absolu-masque-de-nuit-redensifiant-50ml","status":"publish","type":"product","link":"http:\/\/www.yespara.tn\/?product=uriage-age-absolu-masque-de-nuit-redensifiant-50ml","title":{"rendered":"Uriage Age Absolu Masque de Nuit Redensifiant 50ml"},"content":{"rendered":"","protected":false},"excerpt":{"rendered":"<p>Con\u00e7u pour les peaux matures, le masque de nuit redensifiant Uriage \u00e2ge absolu est un soin anti-\u00e2ge qui va lisser, nourrir et r\u00e9g\u00e9n\u00e9rer la peau en profondeur. Ainsi, il contribue \u00e0 att\u00e9nuer les signes de vieillissement cutan\u00e9.<\/p>\n","protected":false},"featured_media":3865,"comment_status":"open","ping_status":"closed","template":"","meta":[],"product_brand":[],"product_cat":[3007],"product_tag":[],"class_list":{"0":"post-3866","1":"product","2":"type-product","3":"status-publish","4":"has-post-thumbnail","6":"product_cat-uriage-soins-visage-soins-anti-age-et-anti-rides-2","8":"first","9":"instock","10":"taxable","11":"shipping-taxable","12":"product-type-simple"},"_links":{"self":[{"href":"http:\/\/www.yespara.tn\/index.php?rest_route=\/wp\/v2\/product\/3866","targetHints":{"allow":["GET"]}}],"collection":[{"href":"http:\/\/www.yespara.tn\/index.php?rest_route=\/wp\/v2\/product"}],"about":[{"href":"http:\/\/www.yespara.tn\/index.php?rest_route=\/wp\/v2\/types\/product"}],"replies":[{"embeddable":true,"href":"http:\/\/www.yespara.tn\/index.php?rest_route=%2Fwp%2Fv2%2Fcomments&post=3866"}],"wp:featuredmedia":[{"embeddable":true,"href":"http:\/\/www.yespara.tn\/index.php?rest_route=\/wp\/v2\/media\/3865"}],"wp:attachment":[{"href":"http:\/\/www.yespara.tn\/index.php?rest_route=%2Fwp%2Fv2%2Fmedia&parent=3866"}],"wp:term":[{"taxonomy":"product_brand","embeddable":true,"href":"http:\/\/www.yespara.tn\/index.php?rest_route=%2Fwp%2Fv2%2Fproduct_brand&post=3866"},{"taxonomy":"product_cat","embeddable":true,"href":"http:\/\/www.yespara.tn\/index.php?rest_route=%2Fwp%2Fv2%2Fproduct_cat&post=3866"},{"taxonomy":"product_tag","embeddable":true,"href":"http:\/\/www.yespara.tn\/index.php?rest_route=%2Fwp%2Fv2%2Fproduct_tag&post=3866"}],"curies":[{"name":"wp","href":"https:\/\/api.w.org\/{rel}","templated":true}]}}