{"id":3828,"date":"2026-02-28T11:18:27","date_gmt":"2026-02-28T10:18:27","guid":{"rendered":"http:\/\/198.46.190.232\/mypara\/?product=noreva-exfoliac-lotion-125ml-2"},"modified":"2026-02-28T11:18:27","modified_gmt":"2026-02-28T10:18:27","slug":"noreva-exfoliac-lotion-125ml-2","status":"publish","type":"product","link":"http:\/\/www.yespara.tn\/?product=noreva-exfoliac-lotion-125ml-2","title":{"rendered":"noreva exfoliac lotion 125ml"},"content":{"rendered":"","protected":false},"excerpt":{"rendered":"<p>Exfoliac Lotion\u00a0a \u00e9t\u00e9 formul\u00e9e pour le soin quotidien des peaux \u00e0 tendance acn\u00e9ique mod\u00e9r\u00e9e \u00e0 install\u00e9e du visage et des surfaces \u00e9tendues,\u00a0purifier et r\u00e9guler les peaux jeunes \u00e0 imperfections.<\/p>\n","protected":false},"featured_media":3827,"comment_status":"open","ping_status":"closed","template":"","meta":[],"product_brand":[],"product_cat":[2128,2993],"product_tag":[],"class_list":{"0":"post-3828","1":"product","2":"type-product","3":"status-publish","4":"has-post-thumbnail","6":"product_cat-demaquillants","7":"product_cat-noreva-soins-visage-nettoyants-visage","9":"first","10":"instock","11":"taxable","12":"shipping-taxable","13":"product-type-simple"},"_links":{"self":[{"href":"http:\/\/www.yespara.tn\/index.php?rest_route=\/wp\/v2\/product\/3828","targetHints":{"allow":["GET"]}}],"collection":[{"href":"http:\/\/www.yespara.tn\/index.php?rest_route=\/wp\/v2\/product"}],"about":[{"href":"http:\/\/www.yespara.tn\/index.php?rest_route=\/wp\/v2\/types\/product"}],"replies":[{"embeddable":true,"href":"http:\/\/www.yespara.tn\/index.php?rest_route=%2Fwp%2Fv2%2Fcomments&post=3828"}],"wp:featuredmedia":[{"embeddable":true,"href":"http:\/\/www.yespara.tn\/index.php?rest_route=\/wp\/v2\/media\/3827"}],"wp:attachment":[{"href":"http:\/\/www.yespara.tn\/index.php?rest_route=%2Fwp%2Fv2%2Fmedia&parent=3828"}],"wp:term":[{"taxonomy":"product_brand","embeddable":true,"href":"http:\/\/www.yespara.tn\/index.php?rest_route=%2Fwp%2Fv2%2Fproduct_brand&post=3828"},{"taxonomy":"product_cat","embeddable":true,"href":"http:\/\/www.yespara.tn\/index.php?rest_route=%2Fwp%2Fv2%2Fproduct_cat&post=3828"},{"taxonomy":"product_tag","embeddable":true,"href":"http:\/\/www.yespara.tn\/index.php?rest_route=%2Fwp%2Fv2%2Fproduct_tag&post=3828"}],"curies":[{"name":"wp","href":"https:\/\/api.w.org\/{rel}","templated":true}]}}