{"id":3818,"date":"2026-02-28T11:18:20","date_gmt":"2026-02-28T10:18:20","guid":{"rendered":"http:\/\/198.46.190.232\/mypara\/?product=vital-vitamine-a-pommade-45g"},"modified":"2026-02-28T12:44:42","modified_gmt":"2026-02-28T11:44:42","slug":"vital-vitamine-a-pommade-45g","status":"publish","type":"product","link":"http:\/\/www.yespara.tn\/?product=vital-vitamine-a-pommade-45g","title":{"rendered":"VITAL Vitamine A Pommade 45G"},"content":{"rendered":"","protected":false},"excerpt":{"rendered":"<p>\u2714 Traite les engelures et r\u00e9pare la peau ab\u00eem\u00e9e \u2744\ufe0f \u2714 R\u00e9duit l\u2019apparition des rides et ridules \u2728 \u2714 Aide \u00e0 traiter l\u2019acn\u00e9 chez les adolescents et les adultes \ud83c\udf38 \u2714 R\u00e9gule la pigmentation et unifie le teint \ud83c\udf3f \u2714 Pr\u00e9vient les dommages cellulaires caus\u00e9s par les agressions ext\u00e9rieures \ud83d\udca7 \u2714 Soutient la sant\u00e9 de la peau et favorise sa r\u00e9g\u00e9n\u00e9ration \ud83e\udd0d \u2714 Stimule la production de collag\u00e8ne pour une peau plus ferme \ud83d\udcaa<\/p>\n","protected":false},"featured_media":3817,"comment_status":"open","ping_status":"closed","template":"","meta":[],"product_brand":[],"product_cat":[2987],"product_tag":[],"class_list":{"0":"post-3818","1":"product","2":"type-product","3":"status-publish","4":"has-post-thumbnail","6":"product_cat-vital","8":"first","9":"instock","10":"sale","11":"taxable","12":"shipping-taxable","13":"purchasable","14":"product-type-simple"},"_links":{"self":[{"href":"http:\/\/www.yespara.tn\/index.php?rest_route=\/wp\/v2\/product\/3818","targetHints":{"allow":["GET"]}}],"collection":[{"href":"http:\/\/www.yespara.tn\/index.php?rest_route=\/wp\/v2\/product"}],"about":[{"href":"http:\/\/www.yespara.tn\/index.php?rest_route=\/wp\/v2\/types\/product"}],"replies":[{"embeddable":true,"href":"http:\/\/www.yespara.tn\/index.php?rest_route=%2Fwp%2Fv2%2Fcomments&post=3818"}],"wp:featuredmedia":[{"embeddable":true,"href":"http:\/\/www.yespara.tn\/index.php?rest_route=\/wp\/v2\/media\/3817"}],"wp:attachment":[{"href":"http:\/\/www.yespara.tn\/index.php?rest_route=%2Fwp%2Fv2%2Fmedia&parent=3818"}],"wp:term":[{"taxonomy":"product_brand","embeddable":true,"href":"http:\/\/www.yespara.tn\/index.php?rest_route=%2Fwp%2Fv2%2Fproduct_brand&post=3818"},{"taxonomy":"product_cat","embeddable":true,"href":"http:\/\/www.yespara.tn\/index.php?rest_route=%2Fwp%2Fv2%2Fproduct_cat&post=3818"},{"taxonomy":"product_tag","embeddable":true,"href":"http:\/\/www.yespara.tn\/index.php?rest_route=%2Fwp%2Fv2%2Fproduct_tag&post=3818"}],"curies":[{"name":"wp","href":"https:\/\/api.w.org\/{rel}","templated":true}]}}