{"id":3772,"date":"2026-02-28T11:17:43","date_gmt":"2026-02-28T10:17:43","guid":{"rendered":"http:\/\/198.46.190.232\/mypara\/?product=babe-stop-akn-gel-nettoyant-purifiant-200-ml"},"modified":"2026-02-28T12:44:40","modified_gmt":"2026-02-28T11:44:40","slug":"babe-stop-akn-gel-nettoyant-purifiant-200-ml","status":"publish","type":"product","link":"http:\/\/www.yespara.tn\/?product=babe-stop-akn-gel-nettoyant-purifiant-200-ml","title":{"rendered":"Babe Stop Akn Gel Nettoyant Purifiant 200 ml"},"content":{"rendered":"","protected":false},"excerpt":{"rendered":"<p>Gel rafra\u00eechissant qui r\u00e9duit les impuret\u00e9s et aide \u00e0 contr\u00f4ler l\u2019exc\u00e8s de s\u00e9bum et la brillance du visage. Nettoie en douceur sans irritation gr\u00e2ce \u00e0 sa formule SYNDET.<\/p>\n","protected":false},"featured_media":3771,"comment_status":"open","ping_status":"closed","template":"","meta":[],"product_brand":[],"product_cat":[2958,2128],"product_tag":[],"class_list":{"0":"post-3772","1":"product","2":"type-product","3":"status-publish","4":"has-post-thumbnail","6":"product_cat-babe-soins-visage-gels-nettoyants","7":"product_cat-demaquillants","9":"first","10":"instock","11":"sale","12":"taxable","13":"shipping-taxable","14":"purchasable","15":"product-type-simple"},"_links":{"self":[{"href":"http:\/\/www.yespara.tn\/index.php?rest_route=\/wp\/v2\/product\/3772","targetHints":{"allow":["GET"]}}],"collection":[{"href":"http:\/\/www.yespara.tn\/index.php?rest_route=\/wp\/v2\/product"}],"about":[{"href":"http:\/\/www.yespara.tn\/index.php?rest_route=\/wp\/v2\/types\/product"}],"replies":[{"embeddable":true,"href":"http:\/\/www.yespara.tn\/index.php?rest_route=%2Fwp%2Fv2%2Fcomments&post=3772"}],"wp:featuredmedia":[{"embeddable":true,"href":"http:\/\/www.yespara.tn\/index.php?rest_route=\/wp\/v2\/media\/3771"}],"wp:attachment":[{"href":"http:\/\/www.yespara.tn\/index.php?rest_route=%2Fwp%2Fv2%2Fmedia&parent=3772"}],"wp:term":[{"taxonomy":"product_brand","embeddable":true,"href":"http:\/\/www.yespara.tn\/index.php?rest_route=%2Fwp%2Fv2%2Fproduct_brand&post=3772"},{"taxonomy":"product_cat","embeddable":true,"href":"http:\/\/www.yespara.tn\/index.php?rest_route=%2Fwp%2Fv2%2Fproduct_cat&post=3772"},{"taxonomy":"product_tag","embeddable":true,"href":"http:\/\/www.yespara.tn\/index.php?rest_route=%2Fwp%2Fv2%2Fproduct_tag&post=3772"}],"curies":[{"name":"wp","href":"https:\/\/api.w.org\/{rel}","templated":true}]}}