{"id":3768,"date":"2026-02-28T11:17:40","date_gmt":"2026-02-28T10:17:40","guid":{"rendered":"http:\/\/198.46.190.232\/mypara\/?product=eucerin-dermopure-k10-soin-renovateur-cutane-peaux-a-imperfections-40ml"},"modified":"2026-02-28T11:17:41","modified_gmt":"2026-02-28T10:17:41","slug":"eucerin-dermopure-k10-soin-renovateur-cutane-peaux-a-imperfections-40ml","status":"publish","type":"product","link":"http:\/\/www.yespara.tn\/?product=eucerin-dermopure-k10-soin-renovateur-cutane-peaux-a-imperfections-40ml","title":{"rendered":"Eucerin Dermopure k10 Soin R\u00e9novateur Cutan\u00e9 Peaux \u00e0 Imperfections 40ML"},"content":{"rendered":"","protected":false},"excerpt":{"rendered":"<p>Dermo Pure Soin R\u00e9novateur Cutan\u00e9 agit efficacement d\u00e8s la premi\u00e8re application, et r\u00e9v\u00e8le une peau plus nette et plus douce jour apr\u00e8s jour.<\/p>\n","protected":false},"featured_media":3767,"comment_status":"open","ping_status":"closed","template":"","meta":[],"product_brand":[],"product_cat":[2956],"product_tag":[],"class_list":{"0":"post-3768","1":"product","2":"type-product","3":"status-publish","4":"has-post-thumbnail","6":"product_cat-eucerin-soins-hydratants-et-nourrissants-2","8":"first","9":"instock","10":"taxable","11":"shipping-taxable","12":"product-type-simple"},"_links":{"self":[{"href":"http:\/\/www.yespara.tn\/index.php?rest_route=\/wp\/v2\/product\/3768","targetHints":{"allow":["GET"]}}],"collection":[{"href":"http:\/\/www.yespara.tn\/index.php?rest_route=\/wp\/v2\/product"}],"about":[{"href":"http:\/\/www.yespara.tn\/index.php?rest_route=\/wp\/v2\/types\/product"}],"replies":[{"embeddable":true,"href":"http:\/\/www.yespara.tn\/index.php?rest_route=%2Fwp%2Fv2%2Fcomments&post=3768"}],"wp:featuredmedia":[{"embeddable":true,"href":"http:\/\/www.yespara.tn\/index.php?rest_route=\/wp\/v2\/media\/3767"}],"wp:attachment":[{"href":"http:\/\/www.yespara.tn\/index.php?rest_route=%2Fwp%2Fv2%2Fmedia&parent=3768"}],"wp:term":[{"taxonomy":"product_brand","embeddable":true,"href":"http:\/\/www.yespara.tn\/index.php?rest_route=%2Fwp%2Fv2%2Fproduct_brand&post=3768"},{"taxonomy":"product_cat","embeddable":true,"href":"http:\/\/www.yespara.tn\/index.php?rest_route=%2Fwp%2Fv2%2Fproduct_cat&post=3768"},{"taxonomy":"product_tag","embeddable":true,"href":"http:\/\/www.yespara.tn\/index.php?rest_route=%2Fwp%2Fv2%2Fproduct_tag&post=3768"}],"curies":[{"name":"wp","href":"https:\/\/api.w.org\/{rel}","templated":true}]}}