{"id":3758,"date":"2026-02-28T11:17:34","date_gmt":"2026-02-28T10:17:34","guid":{"rendered":"http:\/\/198.46.190.232\/mypara\/?product=svr-ampoule-refresh-day-serum-contour-des-yeux-15ml"},"modified":"2026-02-28T12:44:40","modified_gmt":"2026-02-28T11:44:40","slug":"svr-ampoule-refresh-day-serum-contour-des-yeux-15ml","status":"publish","type":"product","link":"http:\/\/www.yespara.tn\/?product=svr-ampoule-refresh-day-serum-contour-des-yeux-15ml","title":{"rendered":"SVR AMPOULE REFRESH DAY SERUM CONTOUR DES YEUX 15ML"},"content":{"rendered":"","protected":false},"excerpt":{"rendered":"<p>SVR AMPOULE REFRESH DAY SERUM CONTOUR DES YEUX 15ML Ce s\u00e9rum Refresh r\u00e9veille et d\u00e9froisse le contour de l\u2019oeil avec sa texture ultra fra\u00eeche. Il lisse rides et ridules et diminue les marques de fatigue.<\/p>\n","protected":false},"featured_media":3757,"comment_status":"open","ping_status":"closed","template":"","meta":[],"product_brand":[],"product_cat":[2951],"product_tag":[],"class_list":{"0":"post-3758","1":"product","2":"type-product","3":"status-publish","4":"has-post-thumbnail","6":"product_cat-svr-yeux-et-levres-soins-anti-poches-et-cernes-2","8":"first","9":"instock","10":"sale","11":"taxable","12":"shipping-taxable","13":"purchasable","14":"product-type-simple"},"_links":{"self":[{"href":"http:\/\/www.yespara.tn\/index.php?rest_route=\/wp\/v2\/product\/3758","targetHints":{"allow":["GET"]}}],"collection":[{"href":"http:\/\/www.yespara.tn\/index.php?rest_route=\/wp\/v2\/product"}],"about":[{"href":"http:\/\/www.yespara.tn\/index.php?rest_route=\/wp\/v2\/types\/product"}],"replies":[{"embeddable":true,"href":"http:\/\/www.yespara.tn\/index.php?rest_route=%2Fwp%2Fv2%2Fcomments&post=3758"}],"wp:featuredmedia":[{"embeddable":true,"href":"http:\/\/www.yespara.tn\/index.php?rest_route=\/wp\/v2\/media\/3757"}],"wp:attachment":[{"href":"http:\/\/www.yespara.tn\/index.php?rest_route=%2Fwp%2Fv2%2Fmedia&parent=3758"}],"wp:term":[{"taxonomy":"product_brand","embeddable":true,"href":"http:\/\/www.yespara.tn\/index.php?rest_route=%2Fwp%2Fv2%2Fproduct_brand&post=3758"},{"taxonomy":"product_cat","embeddable":true,"href":"http:\/\/www.yespara.tn\/index.php?rest_route=%2Fwp%2Fv2%2Fproduct_cat&post=3758"},{"taxonomy":"product_tag","embeddable":true,"href":"http:\/\/www.yespara.tn\/index.php?rest_route=%2Fwp%2Fv2%2Fproduct_tag&post=3758"}],"curies":[{"name":"wp","href":"https:\/\/api.w.org\/{rel}","templated":true}]}}