{"id":3750,"date":"2026-02-28T11:17:25","date_gmt":"2026-02-28T10:17:25","guid":{"rendered":"http:\/\/198.46.190.232\/mypara\/?product=svr-sebiaclear-creme-lavante-400-ml"},"modified":"2026-03-31T18:27:44","modified_gmt":"2026-03-31T17:27:44","slug":"svr-sebiaclear-creme-lavante-400-ml","status":"publish","type":"product","link":"http:\/\/www.yespara.tn\/?product=svr-sebiaclear-creme-lavante-400-ml","title":{"rendered":"SVR sebiaclear CREME LAVANTE 400 ml"},"content":{"rendered":"","protected":false},"excerpt":{"rendered":"<p>\ud83e\uddfc\u2728 SVR SEBIACLEAR Cr\u00e8me Lavante \u2013 Soin nettoyant &#038; apaisant \ud83c\udf3f Multi-action : Nettoie, hydrate, apaise et lutte contre les imperfections. \ud83d\udca6 Anti-dess\u00e8chement : Id\u00e9ale pour les peaux d\u00e9shydrat\u00e9es ou fragilis\u00e9es. \ud83d\udeab Sans parfum \u2013 Sans savon \u2013 Haute tol\u00e9rance<\/p>\n","protected":false},"featured_media":3749,"comment_status":"open","ping_status":"closed","template":"","meta":[],"product_brand":[],"product_cat":[2945],"product_tag":[],"class_list":{"0":"post-3750","1":"product","2":"type-product","3":"status-publish","4":"has-post-thumbnail","6":"product_cat-svr-soins-visage-gels-nettoyants-2","8":"first","9":"instock","10":"sale","11":"taxable","12":"shipping-taxable","13":"purchasable","14":"product-type-simple"},"_links":{"self":[{"href":"http:\/\/www.yespara.tn\/index.php?rest_route=\/wp\/v2\/product\/3750","targetHints":{"allow":["GET"]}}],"collection":[{"href":"http:\/\/www.yespara.tn\/index.php?rest_route=\/wp\/v2\/product"}],"about":[{"href":"http:\/\/www.yespara.tn\/index.php?rest_route=\/wp\/v2\/types\/product"}],"replies":[{"embeddable":true,"href":"http:\/\/www.yespara.tn\/index.php?rest_route=%2Fwp%2Fv2%2Fcomments&post=3750"}],"wp:featuredmedia":[{"embeddable":true,"href":"http:\/\/www.yespara.tn\/index.php?rest_route=\/wp\/v2\/media\/3749"}],"wp:attachment":[{"href":"http:\/\/www.yespara.tn\/index.php?rest_route=%2Fwp%2Fv2%2Fmedia&parent=3750"}],"wp:term":[{"taxonomy":"product_brand","embeddable":true,"href":"http:\/\/www.yespara.tn\/index.php?rest_route=%2Fwp%2Fv2%2Fproduct_brand&post=3750"},{"taxonomy":"product_cat","embeddable":true,"href":"http:\/\/www.yespara.tn\/index.php?rest_route=%2Fwp%2Fv2%2Fproduct_cat&post=3750"},{"taxonomy":"product_tag","embeddable":true,"href":"http:\/\/www.yespara.tn\/index.php?rest_route=%2Fwp%2Fv2%2Fproduct_tag&post=3750"}],"curies":[{"name":"wp","href":"https:\/\/api.w.org\/{rel}","templated":true}]}}