{"id":3736,"date":"2026-02-28T11:17:15","date_gmt":"2026-02-28T10:17:15","guid":{"rendered":"http:\/\/198.46.190.232\/mypara\/?product=ducray-melascreen-concentre-anti-tache-30ml"},"modified":"2026-03-31T18:27:45","modified_gmt":"2026-03-31T17:27:45","slug":"ducray-melascreen-concentre-anti-tache-30ml","status":"publish","type":"product","link":"http:\/\/www.yespara.tn\/?product=ducray-melascreen-concentre-anti-tache-30ml","title":{"rendered":"Ducray Melascreen Concentre Anti Tache 30ML"},"content":{"rendered":"","protected":false},"excerpt":{"rendered":"<p>L\u2019efficacit\u00e9 de Melascreen D\u00e9pigmentant repose sur l\u2019association originale de l\u2019acide az\u00e9la\u00efque concentr\u00e9 et de l\u2019acide glycolique<\/p>\n","protected":false},"featured_media":3735,"comment_status":"open","ping_status":"closed","template":"","meta":[],"product_brand":[],"product_cat":[2941],"product_tag":[],"class_list":{"0":"post-3736","1":"product","2":"type-product","3":"status-publish","4":"has-post-thumbnail","6":"product_cat-ducray-soins-visage-soins-anti-taches-et-depigmentants-serums-anti-age","8":"first","9":"instock","10":"taxable","11":"shipping-taxable","12":"purchasable","13":"product-type-simple"},"_links":{"self":[{"href":"http:\/\/www.yespara.tn\/index.php?rest_route=\/wp\/v2\/product\/3736","targetHints":{"allow":["GET"]}}],"collection":[{"href":"http:\/\/www.yespara.tn\/index.php?rest_route=\/wp\/v2\/product"}],"about":[{"href":"http:\/\/www.yespara.tn\/index.php?rest_route=\/wp\/v2\/types\/product"}],"replies":[{"embeddable":true,"href":"http:\/\/www.yespara.tn\/index.php?rest_route=%2Fwp%2Fv2%2Fcomments&post=3736"}],"wp:featuredmedia":[{"embeddable":true,"href":"http:\/\/www.yespara.tn\/index.php?rest_route=\/wp\/v2\/media\/3735"}],"wp:attachment":[{"href":"http:\/\/www.yespara.tn\/index.php?rest_route=%2Fwp%2Fv2%2Fmedia&parent=3736"}],"wp:term":[{"taxonomy":"product_brand","embeddable":true,"href":"http:\/\/www.yespara.tn\/index.php?rest_route=%2Fwp%2Fv2%2Fproduct_brand&post=3736"},{"taxonomy":"product_cat","embeddable":true,"href":"http:\/\/www.yespara.tn\/index.php?rest_route=%2Fwp%2Fv2%2Fproduct_cat&post=3736"},{"taxonomy":"product_tag","embeddable":true,"href":"http:\/\/www.yespara.tn\/index.php?rest_route=%2Fwp%2Fv2%2Fproduct_tag&post=3736"}],"curies":[{"name":"wp","href":"https:\/\/api.w.org\/{rel}","templated":true}]}}