{"id":3686,"date":"2026-02-28T11:16:34","date_gmt":"2026-02-28T10:16:34","guid":{"rendered":"http:\/\/198.46.190.232\/mypara\/?product=laino-gel-nettoyant-moussant-apaisant-200ml"},"modified":"2026-03-31T18:27:47","modified_gmt":"2026-03-31T17:27:47","slug":"laino-gel-nettoyant-moussant-apaisant-200ml","status":"publish","type":"product","link":"http:\/\/www.yespara.tn\/?product=laino-gel-nettoyant-moussant-apaisant-200ml","title":{"rendered":"LAINO GEL NETTOYANT moussant apaisant 200ml"},"content":{"rendered":"","protected":false},"excerpt":{"rendered":"<p>\u2714\ufe0f \ud83e\uddfc Nettoie en douceur tout en \u00e9liminant impuret\u00e9s et exc\u00e8s de s\u00e9bum. \u2714\ufe0f \ud83d\udca6 Apaise et hydrate gr\u00e2ce \u00e0 sa formule enrichie en actifs naturels. \u2714\ufe0f \ud83c\udf3f Respecte l\u2019\u00e9quilibre cutan\u00e9 , id\u00e9al pour les peaux sensibles. \u2714\ufe0f \u274c Sans parab\u00e8nes, sans alcool, sans savon pour un soin tout en douceur.<\/p>\n","protected":false},"featured_media":3685,"comment_status":"open","ping_status":"closed","template":"","meta":[],"product_brand":[],"product_cat":[2128,2906],"product_tag":[],"class_list":{"0":"post-3686","1":"product","2":"type-product","3":"status-publish","4":"has-post-thumbnail","6":"product_cat-demaquillants","7":"product_cat-laino-soins-visage-gels-nettoyants","9":"first","10":"instock","11":"taxable","12":"shipping-taxable","13":"purchasable","14":"product-type-simple"},"_links":{"self":[{"href":"http:\/\/www.yespara.tn\/index.php?rest_route=\/wp\/v2\/product\/3686","targetHints":{"allow":["GET"]}}],"collection":[{"href":"http:\/\/www.yespara.tn\/index.php?rest_route=\/wp\/v2\/product"}],"about":[{"href":"http:\/\/www.yespara.tn\/index.php?rest_route=\/wp\/v2\/types\/product"}],"replies":[{"embeddable":true,"href":"http:\/\/www.yespara.tn\/index.php?rest_route=%2Fwp%2Fv2%2Fcomments&post=3686"}],"wp:featuredmedia":[{"embeddable":true,"href":"http:\/\/www.yespara.tn\/index.php?rest_route=\/wp\/v2\/media\/3685"}],"wp:attachment":[{"href":"http:\/\/www.yespara.tn\/index.php?rest_route=%2Fwp%2Fv2%2Fmedia&parent=3686"}],"wp:term":[{"taxonomy":"product_brand","embeddable":true,"href":"http:\/\/www.yespara.tn\/index.php?rest_route=%2Fwp%2Fv2%2Fproduct_brand&post=3686"},{"taxonomy":"product_cat","embeddable":true,"href":"http:\/\/www.yespara.tn\/index.php?rest_route=%2Fwp%2Fv2%2Fproduct_cat&post=3686"},{"taxonomy":"product_tag","embeddable":true,"href":"http:\/\/www.yespara.tn\/index.php?rest_route=%2Fwp%2Fv2%2Fproduct_tag&post=3686"}],"curies":[{"name":"wp","href":"https:\/\/api.w.org\/{rel}","templated":true}]}}