{"id":3680,"date":"2026-02-28T11:16:30","date_gmt":"2026-02-28T10:16:30","guid":{"rendered":"http:\/\/198.46.190.232\/mypara\/?product=laino-creme-nourrissante-anti%e2%80%90oxydante-40ml-pns"},"modified":"2026-03-31T18:27:47","modified_gmt":"2026-03-31T17:27:47","slug":"laino-creme-nourrissante-anti%e2%80%90oxydante-40ml-pns","status":"publish","type":"product","link":"http:\/\/www.yespara.tn\/?product=laino-creme-nourrissante-anti%e2%80%90oxydante-40ml-pns","title":{"rendered":"laino cr\u00e8me nourrissante anti\u2010oxydante 40ml pns"},"content":{"rendered":"","protected":false},"excerpt":{"rendered":"<p>cr\u00e8me nourrissante anti-oxydante r\u00e9pondre aux besoins des peaux normales \u00e0 s\u00e8ches, m\u00eame sensibles. Cette cr\u00e8me assure 24 heures d\u2019hydratation et r\u00e9tablit le confort cutan\u00e9.<\/p>\n","protected":false},"featured_media":3679,"comment_status":"open","ping_status":"closed","template":"","meta":[],"product_brand":[],"product_cat":[2434],"product_tag":[],"class_list":{"0":"post-3680","1":"product","2":"type-product","3":"status-publish","4":"has-post-thumbnail","6":"product_cat-laino-soins-visage-soins-hydratants-et-nourrissants-peaux-seches","8":"first","9":"instock","10":"taxable","11":"shipping-taxable","12":"purchasable","13":"product-type-simple"},"_links":{"self":[{"href":"http:\/\/www.yespara.tn\/index.php?rest_route=\/wp\/v2\/product\/3680","targetHints":{"allow":["GET"]}}],"collection":[{"href":"http:\/\/www.yespara.tn\/index.php?rest_route=\/wp\/v2\/product"}],"about":[{"href":"http:\/\/www.yespara.tn\/index.php?rest_route=\/wp\/v2\/types\/product"}],"replies":[{"embeddable":true,"href":"http:\/\/www.yespara.tn\/index.php?rest_route=%2Fwp%2Fv2%2Fcomments&post=3680"}],"wp:featuredmedia":[{"embeddable":true,"href":"http:\/\/www.yespara.tn\/index.php?rest_route=\/wp\/v2\/media\/3679"}],"wp:attachment":[{"href":"http:\/\/www.yespara.tn\/index.php?rest_route=%2Fwp%2Fv2%2Fmedia&parent=3680"}],"wp:term":[{"taxonomy":"product_brand","embeddable":true,"href":"http:\/\/www.yespara.tn\/index.php?rest_route=%2Fwp%2Fv2%2Fproduct_brand&post=3680"},{"taxonomy":"product_cat","embeddable":true,"href":"http:\/\/www.yespara.tn\/index.php?rest_route=%2Fwp%2Fv2%2Fproduct_cat&post=3680"},{"taxonomy":"product_tag","embeddable":true,"href":"http:\/\/www.yespara.tn\/index.php?rest_route=%2Fwp%2Fv2%2Fproduct_tag&post=3680"}],"curies":[{"name":"wp","href":"https:\/\/api.w.org\/{rel}","templated":true}]}}