{"id":3642,"date":"2026-02-28T11:16:02","date_gmt":"2026-02-28T10:16:02","guid":{"rendered":"http:\/\/198.46.190.232\/mypara\/?product=aderma-epitheliale-a-h-ultra-40ml"},"modified":"2026-03-31T18:27:49","modified_gmt":"2026-03-31T17:27:49","slug":"aderma-epitheliale-a-h-ultra-40ml","status":"publish","type":"product","link":"http:\/\/www.yespara.tn\/?product=aderma-epitheliale-a-h-ultra-40ml","title":{"rendered":"ADERMA epitheliale A.H ultra 40ml"},"content":{"rendered":"","protected":false},"excerpt":{"rendered":"<p>\u2728 Cr\u00e8me r\u00e9paratrice apaisante \u2728 \ud83e\ude79 Pour peaux fragilis\u00e9es apr\u00e8s actes dermatologiques superficiels et atteintes l\u00e9g\u00e8res de l\u2019\u00e9piderme. \ud83d\udd39 Aide \u00e0 r\u00e9duire les marques cutan\u00e9es<\/p>\n","protected":false},"featured_media":3641,"comment_status":"open","ping_status":"closed","template":"","meta":[],"product_brand":[],"product_cat":[2732],"product_tag":[],"class_list":{"0":"post-3642","1":"product","2":"type-product","3":"status-publish","4":"has-post-thumbnail","6":"product_cat-a-derma-soins-visage-2","8":"first","9":"instock","10":"taxable","11":"shipping-taxable","12":"purchasable","13":"product-type-simple"},"_links":{"self":[{"href":"http:\/\/www.yespara.tn\/index.php?rest_route=\/wp\/v2\/product\/3642","targetHints":{"allow":["GET"]}}],"collection":[{"href":"http:\/\/www.yespara.tn\/index.php?rest_route=\/wp\/v2\/product"}],"about":[{"href":"http:\/\/www.yespara.tn\/index.php?rest_route=\/wp\/v2\/types\/product"}],"replies":[{"embeddable":true,"href":"http:\/\/www.yespara.tn\/index.php?rest_route=%2Fwp%2Fv2%2Fcomments&post=3642"}],"wp:featuredmedia":[{"embeddable":true,"href":"http:\/\/www.yespara.tn\/index.php?rest_route=\/wp\/v2\/media\/3641"}],"wp:attachment":[{"href":"http:\/\/www.yespara.tn\/index.php?rest_route=%2Fwp%2Fv2%2Fmedia&parent=3642"}],"wp:term":[{"taxonomy":"product_brand","embeddable":true,"href":"http:\/\/www.yespara.tn\/index.php?rest_route=%2Fwp%2Fv2%2Fproduct_brand&post=3642"},{"taxonomy":"product_cat","embeddable":true,"href":"http:\/\/www.yespara.tn\/index.php?rest_route=%2Fwp%2Fv2%2Fproduct_cat&post=3642"},{"taxonomy":"product_tag","embeddable":true,"href":"http:\/\/www.yespara.tn\/index.php?rest_route=%2Fwp%2Fv2%2Fproduct_tag&post=3642"}],"curies":[{"name":"wp","href":"https:\/\/api.w.org\/{rel}","templated":true}]}}