{"id":3612,"date":"2026-02-28T11:15:40","date_gmt":"2026-02-28T10:15:40","guid":{"rendered":"http:\/\/198.46.190.232\/mypara\/?product=proderma-hydramax-cr-hydratante-100-ml"},"modified":"2026-03-31T18:27:50","modified_gmt":"2026-03-31T17:27:50","slug":"proderma-hydramax-cr-hydratante-100-ml","status":"publish","type":"product","link":"http:\/\/www.yespara.tn\/?product=proderma-hydramax-cr-hydratante-100-ml","title":{"rendered":"proderma hydramax cr hydratante 100 ml"},"content":{"rendered":"","protected":false},"excerpt":{"rendered":"<p>Forte teneur en Aloe Vera, camomille et beurre de karit\u00e9 HYDRAMAX est le quotidien de toutes les peaux s\u00e8ches Sa textures onctueuse mais non collante, Le confort est imm\u00e9diat La peau est agr\u00e9ablement\u00a0 parfum\u00e9e, douce et satin\u00e9e.<\/p>\n","protected":false},"featured_media":3611,"comment_status":"open","ping_status":"closed","template":"","meta":[],"product_brand":[],"product_cat":[2861],"product_tag":[],"class_list":{"0":"post-3612","1":"product","2":"type-product","3":"status-publish","4":"has-post-thumbnail","6":"product_cat-proderma-soins-visage-soins-hydratants-et-nourrissants-2","8":"first","9":"instock","10":"taxable","11":"shipping-taxable","12":"purchasable","13":"product-type-simple"},"_links":{"self":[{"href":"http:\/\/www.yespara.tn\/index.php?rest_route=\/wp\/v2\/product\/3612","targetHints":{"allow":["GET"]}}],"collection":[{"href":"http:\/\/www.yespara.tn\/index.php?rest_route=\/wp\/v2\/product"}],"about":[{"href":"http:\/\/www.yespara.tn\/index.php?rest_route=\/wp\/v2\/types\/product"}],"replies":[{"embeddable":true,"href":"http:\/\/www.yespara.tn\/index.php?rest_route=%2Fwp%2Fv2%2Fcomments&post=3612"}],"wp:featuredmedia":[{"embeddable":true,"href":"http:\/\/www.yespara.tn\/index.php?rest_route=\/wp\/v2\/media\/3611"}],"wp:attachment":[{"href":"http:\/\/www.yespara.tn\/index.php?rest_route=%2Fwp%2Fv2%2Fmedia&parent=3612"}],"wp:term":[{"taxonomy":"product_brand","embeddable":true,"href":"http:\/\/www.yespara.tn\/index.php?rest_route=%2Fwp%2Fv2%2Fproduct_brand&post=3612"},{"taxonomy":"product_cat","embeddable":true,"href":"http:\/\/www.yespara.tn\/index.php?rest_route=%2Fwp%2Fv2%2Fproduct_cat&post=3612"},{"taxonomy":"product_tag","embeddable":true,"href":"http:\/\/www.yespara.tn\/index.php?rest_route=%2Fwp%2Fv2%2Fproduct_tag&post=3612"}],"curies":[{"name":"wp","href":"https:\/\/api.w.org\/{rel}","templated":true}]}}