{"id":3556,"date":"2026-02-28T11:14:55","date_gmt":"2026-02-28T10:14:55","guid":{"rendered":"http:\/\/198.46.190.232\/mypara\/?product=isispharma-teen-derm-hydra-40-ml"},"modified":"2026-03-31T18:27:53","modified_gmt":"2026-03-31T17:27:53","slug":"isispharma-teen-derm-hydra-40-ml","status":"publish","type":"product","link":"http:\/\/www.yespara.tn\/?product=isispharma-teen-derm-hydra-40-ml","title":{"rendered":"ISISPHARMA TEEN DERM HYDRA 40 ML"},"content":{"rendered":"","protected":false},"excerpt":{"rendered":"<p>Isispharma Teen Derm Hydra a \u00e9t\u00e9 sp\u00e9cialement d\u00e9velopp\u00e9 pour accompagner les peaux \u00e0 tendance acn\u00e9ique fragilis\u00e9es par les traitements dess\u00e9chants. Riche en puissants actifs hydratants, restructurants et apaisants, il hydrate, nourrit et apaise durablement. La peau retrouve confort et souplesse. Texture l\u00e9g\u00e8re.<\/p>\n","protected":false},"featured_media":3555,"comment_status":"open","ping_status":"closed","template":"","meta":[],"product_brand":[],"product_cat":[2634,2140],"product_tag":[2824,2825,2826],"class_list":{"0":"post-3556","1":"product","2":"type-product","3":"status-publish","4":"has-post-thumbnail","6":"product_cat-isispharma-soins-visage-mixte-et-acne","7":"product_cat-soins-peau-grasse","8":"product_tag-hydra","9":"product_tag-isispharma","10":"product_tag-teen-derm","12":"first","13":"instock","14":"taxable","15":"shipping-taxable","16":"purchasable","17":"product-type-simple"},"_links":{"self":[{"href":"http:\/\/www.yespara.tn\/index.php?rest_route=\/wp\/v2\/product\/3556","targetHints":{"allow":["GET"]}}],"collection":[{"href":"http:\/\/www.yespara.tn\/index.php?rest_route=\/wp\/v2\/product"}],"about":[{"href":"http:\/\/www.yespara.tn\/index.php?rest_route=\/wp\/v2\/types\/product"}],"replies":[{"embeddable":true,"href":"http:\/\/www.yespara.tn\/index.php?rest_route=%2Fwp%2Fv2%2Fcomments&post=3556"}],"wp:featuredmedia":[{"embeddable":true,"href":"http:\/\/www.yespara.tn\/index.php?rest_route=\/wp\/v2\/media\/3555"}],"wp:attachment":[{"href":"http:\/\/www.yespara.tn\/index.php?rest_route=%2Fwp%2Fv2%2Fmedia&parent=3556"}],"wp:term":[{"taxonomy":"product_brand","embeddable":true,"href":"http:\/\/www.yespara.tn\/index.php?rest_route=%2Fwp%2Fv2%2Fproduct_brand&post=3556"},{"taxonomy":"product_cat","embeddable":true,"href":"http:\/\/www.yespara.tn\/index.php?rest_route=%2Fwp%2Fv2%2Fproduct_cat&post=3556"},{"taxonomy":"product_tag","embeddable":true,"href":"http:\/\/www.yespara.tn\/index.php?rest_route=%2Fwp%2Fv2%2Fproduct_tag&post=3556"}],"curies":[{"name":"wp","href":"https:\/\/api.w.org\/{rel}","templated":true}]}}