{"id":3550,"date":"2026-02-28T11:14:51","date_gmt":"2026-02-28T10:14:51","guid":{"rendered":"http:\/\/198.46.190.232\/mypara\/?product=eucerin-anti-pigment-soin-contour-des-yeux-illuminateur-15ml"},"modified":"2026-03-31T18:27:53","modified_gmt":"2026-03-31T17:27:53","slug":"eucerin-anti-pigment-soin-contour-des-yeux-illuminateur-15ml","status":"publish","type":"product","link":"http:\/\/www.yespara.tn\/?product=eucerin-anti-pigment-soin-contour-des-yeux-illuminateur-15ml","title":{"rendered":"Eucerin anti pigment soin contour des yeux illuminateur 15ml"},"content":{"rendered":"","protected":false},"excerpt":{"rendered":"<p>Ce soin sp\u00e9cialement formul\u00e9 pour la zone d\u00e9licate du contour des yeux vous aidera \u00e0 r\u00e9duire les taches pigmentaires et \u00e0 illuminer votre regard.<\/p>\n","protected":false},"featured_media":3549,"comment_status":"open","ping_status":"closed","template":"","meta":[],"product_brand":[],"product_cat":[2821],"product_tag":[],"class_list":{"0":"post-3550","1":"product","2":"type-product","3":"status-publish","4":"has-post-thumbnail","6":"product_cat-eucerin-yeux-et-levres-soins-visage-soins-anti-poches-et-cernes-contour-des-yeux","8":"first","9":"instock","10":"taxable","11":"shipping-taxable","12":"purchasable","13":"product-type-simple"},"_links":{"self":[{"href":"http:\/\/www.yespara.tn\/index.php?rest_route=\/wp\/v2\/product\/3550","targetHints":{"allow":["GET"]}}],"collection":[{"href":"http:\/\/www.yespara.tn\/index.php?rest_route=\/wp\/v2\/product"}],"about":[{"href":"http:\/\/www.yespara.tn\/index.php?rest_route=\/wp\/v2\/types\/product"}],"replies":[{"embeddable":true,"href":"http:\/\/www.yespara.tn\/index.php?rest_route=%2Fwp%2Fv2%2Fcomments&post=3550"}],"wp:featuredmedia":[{"embeddable":true,"href":"http:\/\/www.yespara.tn\/index.php?rest_route=\/wp\/v2\/media\/3549"}],"wp:attachment":[{"href":"http:\/\/www.yespara.tn\/index.php?rest_route=%2Fwp%2Fv2%2Fmedia&parent=3550"}],"wp:term":[{"taxonomy":"product_brand","embeddable":true,"href":"http:\/\/www.yespara.tn\/index.php?rest_route=%2Fwp%2Fv2%2Fproduct_brand&post=3550"},{"taxonomy":"product_cat","embeddable":true,"href":"http:\/\/www.yespara.tn\/index.php?rest_route=%2Fwp%2Fv2%2Fproduct_cat&post=3550"},{"taxonomy":"product_tag","embeddable":true,"href":"http:\/\/www.yespara.tn\/index.php?rest_route=%2Fwp%2Fv2%2Fproduct_tag&post=3550"}],"curies":[{"name":"wp","href":"https:\/\/api.w.org\/{rel}","templated":true}]}}