{"id":3508,"date":"2026-02-28T11:14:17","date_gmt":"2026-02-28T10:14:17","guid":{"rendered":"http:\/\/198.46.190.232\/mypara\/?product=filorga-time-filler-eyes-5-xp-creme-yeux-15ml"},"modified":"2026-03-31T18:27:55","modified_gmt":"2026-03-31T17:27:55","slug":"filorga-time-filler-eyes-5-xp-creme-yeux-15ml","status":"publish","type":"product","link":"http:\/\/www.yespara.tn\/?product=filorga-time-filler-eyes-5-xp-creme-yeux-15ml","title":{"rendered":"FILORGA time filler eyes 5 xp CREME YEUX 15ml"},"content":{"rendered":"","protected":false},"excerpt":{"rendered":"<p>\ud83d\udccc Un soin anti-\u00e2ge complet qui cible 5 types de rides et imperfections du contour des yeux : \u2714\ufe0f \ud83d\udc41\ufe0f Rides de contraction : Lisse les ridules gr\u00e2ce \u00e0 un complexe botox-like. \u2714\ufe0f \ud83c\udf0a Rides de d\u00e9shydratation : Repulpe intens\u00e9ment avec de l\u2019acide hyaluronique. \u2714\ufe0f \u23f3 Rides profondes : Comble et restructure avec des peptides r\u00e9g\u00e9n\u00e9rants. \u2714\ufe0f \ud83e\udd87 Cernes &#038; poches : Estompe les signes de fatigue gr\u00e2ce \u00e0 un complexe d\u00e9fatigant. \u2714\ufe0f \ud83c\udff9 Paupi\u00e8res rel\u00e2ch\u00e9es : Redensifie et lifte pour un regard ouvert et rajeuni<\/p>\n","protected":false},"featured_media":3507,"comment_status":"open","ping_status":"closed","template":"","meta":[],"product_brand":[],"product_cat":[2790],"product_tag":[],"class_list":{"0":"post-3508","1":"product","2":"type-product","3":"status-publish","4":"has-post-thumbnail","6":"product_cat-filorga-yeux-et-levres-soins-visage-contour-des-yeux-anti-age-yeux","8":"first","9":"instock","10":"taxable","11":"shipping-taxable","12":"purchasable","13":"product-type-simple"},"_links":{"self":[{"href":"http:\/\/www.yespara.tn\/index.php?rest_route=\/wp\/v2\/product\/3508","targetHints":{"allow":["GET"]}}],"collection":[{"href":"http:\/\/www.yespara.tn\/index.php?rest_route=\/wp\/v2\/product"}],"about":[{"href":"http:\/\/www.yespara.tn\/index.php?rest_route=\/wp\/v2\/types\/product"}],"replies":[{"embeddable":true,"href":"http:\/\/www.yespara.tn\/index.php?rest_route=%2Fwp%2Fv2%2Fcomments&post=3508"}],"wp:featuredmedia":[{"embeddable":true,"href":"http:\/\/www.yespara.tn\/index.php?rest_route=\/wp\/v2\/media\/3507"}],"wp:attachment":[{"href":"http:\/\/www.yespara.tn\/index.php?rest_route=%2Fwp%2Fv2%2Fmedia&parent=3508"}],"wp:term":[{"taxonomy":"product_brand","embeddable":true,"href":"http:\/\/www.yespara.tn\/index.php?rest_route=%2Fwp%2Fv2%2Fproduct_brand&post=3508"},{"taxonomy":"product_cat","embeddable":true,"href":"http:\/\/www.yespara.tn\/index.php?rest_route=%2Fwp%2Fv2%2Fproduct_cat&post=3508"},{"taxonomy":"product_tag","embeddable":true,"href":"http:\/\/www.yespara.tn\/index.php?rest_route=%2Fwp%2Fv2%2Fproduct_tag&post=3508"}],"curies":[{"name":"wp","href":"https:\/\/api.w.org\/{rel}","templated":true}]}}