{"id":3496,"date":"2026-02-28T11:14:09","date_gmt":"2026-02-28T10:14:09","guid":{"rendered":"http:\/\/198.46.190.232\/mypara\/?product=lirene-creme-cd-gel-peaux-mixtes-a-grasses"},"modified":"2026-03-31T18:27:56","modified_gmt":"2026-03-31T17:27:56","slug":"lirene-creme-cd-gel-peaux-mixtes-a-grasses","status":"publish","type":"product","link":"http:\/\/www.yespara.tn\/?product=lirene-creme-cd-gel-peaux-mixtes-a-grasses","title":{"rendered":"Lirene cr\u00e8me C+D Gel peaux mixtes a grasses"},"content":{"rendered":"","protected":false},"excerpt":{"rendered":"<p>LIRENE C+D Gel cr\u00e8me Hydratant Peau Mixte \u00e0 Grasse a \u00e9t\u00e9 sp\u00e9cialement d\u00e9velopp\u00e9 pour les femmes de 20 ans et plus \u00e0 la peau normale \u00e0 mixte. L\u2019utilisation quotidienne de cette cr\u00e8me procure d\u2019excellents effets : peau plus \u00e9nergique et hydrat\u00e9e, \u00e9lasticit\u00e9 et tonus du visage am\u00e9lior\u00e9s. La cr\u00e8me LIRENE C+D Gel\u00a0 est parfaite pour les soins quotidiens et comme base de maquillage.<\/p>\n","protected":false},"featured_media":3495,"comment_status":"open","ping_status":"closed","template":"","meta":[],"product_brand":[],"product_cat":[2768],"product_tag":[2769,2770,2771],"class_list":{"0":"post-3496","1":"product","2":"type-product","3":"status-publish","4":"has-post-thumbnail","6":"product_cat-lirene-dermo-program-soins-visage-soins-hydratants-et-nourrissants-soins-anti-age-et-anti-rides-peaux-normales-a-mixtes-creme-peau-grasse","7":"product_tag-gel-creme","8":"product_tag-lirene","9":"product_tag-peaux-mixtes","11":"first","12":"instock","13":"sale","14":"taxable","15":"shipping-taxable","16":"purchasable","17":"product-type-simple"},"_links":{"self":[{"href":"http:\/\/www.yespara.tn\/index.php?rest_route=\/wp\/v2\/product\/3496","targetHints":{"allow":["GET"]}}],"collection":[{"href":"http:\/\/www.yespara.tn\/index.php?rest_route=\/wp\/v2\/product"}],"about":[{"href":"http:\/\/www.yespara.tn\/index.php?rest_route=\/wp\/v2\/types\/product"}],"replies":[{"embeddable":true,"href":"http:\/\/www.yespara.tn\/index.php?rest_route=%2Fwp%2Fv2%2Fcomments&post=3496"}],"wp:featuredmedia":[{"embeddable":true,"href":"http:\/\/www.yespara.tn\/index.php?rest_route=\/wp\/v2\/media\/3495"}],"wp:attachment":[{"href":"http:\/\/www.yespara.tn\/index.php?rest_route=%2Fwp%2Fv2%2Fmedia&parent=3496"}],"wp:term":[{"taxonomy":"product_brand","embeddable":true,"href":"http:\/\/www.yespara.tn\/index.php?rest_route=%2Fwp%2Fv2%2Fproduct_brand&post=3496"},{"taxonomy":"product_cat","embeddable":true,"href":"http:\/\/www.yespara.tn\/index.php?rest_route=%2Fwp%2Fv2%2Fproduct_cat&post=3496"},{"taxonomy":"product_tag","embeddable":true,"href":"http:\/\/www.yespara.tn\/index.php?rest_route=%2Fwp%2Fv2%2Fproduct_tag&post=3496"}],"curies":[{"name":"wp","href":"https:\/\/api.w.org\/{rel}","templated":true}]}}