{"id":3482,"date":"2026-02-28T11:13:54","date_gmt":"2026-02-28T10:13:54","guid":{"rendered":"http:\/\/198.46.190.232\/mypara\/?product=phyteal-d-pigma-eau-micellaire-250ml"},"modified":"2026-03-31T18:27:56","modified_gmt":"2026-03-31T17:27:56","slug":"phyteal-d-pigma-eau-micellaire-250ml","status":"publish","type":"product","link":"http:\/\/www.yespara.tn\/?product=phyteal-d-pigma-eau-micellaire-250ml","title":{"rendered":"Phyteal D-pigma Eau Micellaire 250ml"},"content":{"rendered":"","protected":false},"excerpt":{"rendered":"<p>PHYTEAL DPIGMA EAU MICELLAIRE 250ML L\u2019eau micellaire \u00e0 l\u2019aloe Vera Phyteal D-pigma est un nettoyant d\u2019une douceur exceptionnelle qui vous permet de d\u00e9barrasser votre peau des impuret\u00e9s sans effort, pr\u00e9servant ainsi l\u2019\u00e9quilibre d\u00e9licat dont elle a besoin pour rester saine.<\/p>\n","protected":false},"featured_media":3481,"comment_status":"open","ping_status":"closed","template":"","meta":[],"product_brand":[],"product_cat":[2128,2170,2728],"product_tag":[2729,2730,2731],"class_list":{"0":"post-3482","1":"product","2":"type-product","3":"status-publish","4":"has-post-thumbnail","6":"product_cat-demaquillants","7":"product_cat-eau-tonique","8":"product_cat-phyteal","9":"product_tag-eau","10":"product_tag-micellaire","11":"product_tag-phyteal","13":"first","14":"instock","15":"taxable","16":"shipping-taxable","17":"purchasable","18":"product-type-simple"},"_links":{"self":[{"href":"http:\/\/www.yespara.tn\/index.php?rest_route=\/wp\/v2\/product\/3482","targetHints":{"allow":["GET"]}}],"collection":[{"href":"http:\/\/www.yespara.tn\/index.php?rest_route=\/wp\/v2\/product"}],"about":[{"href":"http:\/\/www.yespara.tn\/index.php?rest_route=\/wp\/v2\/types\/product"}],"replies":[{"embeddable":true,"href":"http:\/\/www.yespara.tn\/index.php?rest_route=%2Fwp%2Fv2%2Fcomments&post=3482"}],"wp:featuredmedia":[{"embeddable":true,"href":"http:\/\/www.yespara.tn\/index.php?rest_route=\/wp\/v2\/media\/3481"}],"wp:attachment":[{"href":"http:\/\/www.yespara.tn\/index.php?rest_route=%2Fwp%2Fv2%2Fmedia&parent=3482"}],"wp:term":[{"taxonomy":"product_brand","embeddable":true,"href":"http:\/\/www.yespara.tn\/index.php?rest_route=%2Fwp%2Fv2%2Fproduct_brand&post=3482"},{"taxonomy":"product_cat","embeddable":true,"href":"http:\/\/www.yespara.tn\/index.php?rest_route=%2Fwp%2Fv2%2Fproduct_cat&post=3482"},{"taxonomy":"product_tag","embeddable":true,"href":"http:\/\/www.yespara.tn\/index.php?rest_route=%2Fwp%2Fv2%2Fproduct_tag&post=3482"}],"curies":[{"name":"wp","href":"https:\/\/api.w.org\/{rel}","templated":true}]}}