{"id":3468,"date":"2026-02-28T11:13:45","date_gmt":"2026-02-28T10:13:45","guid":{"rendered":"http:\/\/198.46.190.232\/mypara\/?product=apivita-black-detox_gel-nettoyant-noir-150ml"},"modified":"2026-03-31T18:27:57","modified_gmt":"2026-03-31T17:27:57","slug":"apivita-black-detox_gel-nettoyant-noir-150ml","status":"publish","type":"product","link":"http:\/\/www.yespara.tn\/?product=apivita-black-detox_gel-nettoyant-noir-150ml","title":{"rendered":"Apivita Black Detox_Gel Nettoyant Noir 150ml"},"content":{"rendered":"","protected":false},"excerpt":{"rendered":"<p>Apivita Black Detox_Gel Nettoyant Noir 150ml Nettoie en attirant les impuret\u00e9s et le maquillage comme un aimant Laisse la peau d\u00e9toxifi\u00e9e, fra\u00eeche, propre et confortable Offre une action anti-pollution renforc\u00e9e<\/p>\n","protected":false},"featured_media":3467,"comment_status":"open","ping_status":"closed","template":"","meta":[],"product_brand":[],"product_cat":[2709,2128],"product_tag":[2670,2710,2711,2712],"class_list":{"0":"post-3468","1":"product","2":"type-product","3":"status-publish","4":"has-post-thumbnail","6":"product_cat-apivita-soins-visage-gels-nettoyants","7":"product_cat-demaquillants","8":"product_tag-apivita","9":"product_tag-detox","10":"product_tag-gel","11":"product_tag-nettoyant","13":"first","14":"instock","15":"taxable","16":"shipping-taxable","17":"purchasable","18":"product-type-simple"},"_links":{"self":[{"href":"http:\/\/www.yespara.tn\/index.php?rest_route=\/wp\/v2\/product\/3468","targetHints":{"allow":["GET"]}}],"collection":[{"href":"http:\/\/www.yespara.tn\/index.php?rest_route=\/wp\/v2\/product"}],"about":[{"href":"http:\/\/www.yespara.tn\/index.php?rest_route=\/wp\/v2\/types\/product"}],"replies":[{"embeddable":true,"href":"http:\/\/www.yespara.tn\/index.php?rest_route=%2Fwp%2Fv2%2Fcomments&post=3468"}],"wp:featuredmedia":[{"embeddable":true,"href":"http:\/\/www.yespara.tn\/index.php?rest_route=\/wp\/v2\/media\/3467"}],"wp:attachment":[{"href":"http:\/\/www.yespara.tn\/index.php?rest_route=%2Fwp%2Fv2%2Fmedia&parent=3468"}],"wp:term":[{"taxonomy":"product_brand","embeddable":true,"href":"http:\/\/www.yespara.tn\/index.php?rest_route=%2Fwp%2Fv2%2Fproduct_brand&post=3468"},{"taxonomy":"product_cat","embeddable":true,"href":"http:\/\/www.yespara.tn\/index.php?rest_route=%2Fwp%2Fv2%2Fproduct_cat&post=3468"},{"taxonomy":"product_tag","embeddable":true,"href":"http:\/\/www.yespara.tn\/index.php?rest_route=%2Fwp%2Fv2%2Fproduct_tag&post=3468"}],"curies":[{"name":"wp","href":"https:\/\/api.w.org\/{rel}","templated":true}]}}