{"id":3466,"date":"2026-02-28T11:13:44","date_gmt":"2026-02-28T10:13:44","guid":{"rendered":"http:\/\/198.46.190.232\/mypara\/?product=esthelle-claryteint-c-serum-eclaircissant-30gr"},"modified":"2026-03-31T18:27:57","modified_gmt":"2026-03-31T17:27:57","slug":"esthelle-claryteint-c-serum-eclaircissant-30gr","status":"publish","type":"product","link":"http:\/\/www.yespara.tn\/?product=esthelle-claryteint-c-serum-eclaircissant-30gr","title":{"rendered":"ESTHELLE claryteint C SERUM eclaircissant 30GR"},"content":{"rendered":"","protected":false},"excerpt":{"rendered":"<p>\u2728 Formule \u00e9claircissante con\u00e7ue pour raviver l\u2019 \u00e9clat de la peau. \ud83c\udf0a P\u00e9n\u00e8tre en profondeur dans les diff\u00e9rentes couches de la peau pour des r\u00e9sultats visibles. \ud83c\udf1e R\u00e9v\u00e8le un teint plus lumineux et uniforme.<\/p>\n","protected":false},"featured_media":3465,"comment_status":"open","ping_status":"closed","template":"","meta":[],"product_brand":[],"product_cat":[2708],"product_tag":[],"class_list":{"0":"post-3466","1":"product","2":"type-product","3":"status-publish","4":"has-post-thumbnail","6":"product_cat-esthelle-soins-visage-soins-eclaircissants","8":"first","9":"instock","10":"taxable","11":"shipping-taxable","12":"purchasable","13":"product-type-simple"},"_links":{"self":[{"href":"http:\/\/www.yespara.tn\/index.php?rest_route=\/wp\/v2\/product\/3466","targetHints":{"allow":["GET"]}}],"collection":[{"href":"http:\/\/www.yespara.tn\/index.php?rest_route=\/wp\/v2\/product"}],"about":[{"href":"http:\/\/www.yespara.tn\/index.php?rest_route=\/wp\/v2\/types\/product"}],"replies":[{"embeddable":true,"href":"http:\/\/www.yespara.tn\/index.php?rest_route=%2Fwp%2Fv2%2Fcomments&post=3466"}],"wp:featuredmedia":[{"embeddable":true,"href":"http:\/\/www.yespara.tn\/index.php?rest_route=\/wp\/v2\/media\/3465"}],"wp:attachment":[{"href":"http:\/\/www.yespara.tn\/index.php?rest_route=%2Fwp%2Fv2%2Fmedia&parent=3466"}],"wp:term":[{"taxonomy":"product_brand","embeddable":true,"href":"http:\/\/www.yespara.tn\/index.php?rest_route=%2Fwp%2Fv2%2Fproduct_brand&post=3466"},{"taxonomy":"product_cat","embeddable":true,"href":"http:\/\/www.yespara.tn\/index.php?rest_route=%2Fwp%2Fv2%2Fproduct_cat&post=3466"},{"taxonomy":"product_tag","embeddable":true,"href":"http:\/\/www.yespara.tn\/index.php?rest_route=%2Fwp%2Fv2%2Fproduct_tag&post=3466"}],"curies":[{"name":"wp","href":"https:\/\/api.w.org\/{rel}","templated":true}]}}