{"id":3464,"date":"2026-02-28T11:13:42","date_gmt":"2026-02-28T10:13:42","guid":{"rendered":"http:\/\/198.46.190.232\/mypara\/?product=dermacare-hydra-liss-baume-intensif-200ml"},"modified":"2026-03-31T18:27:57","modified_gmt":"2026-03-31T17:27:57","slug":"dermacare-hydra-liss-baume-intensif-200ml","status":"publish","type":"product","link":"http:\/\/www.yespara.tn\/?product=dermacare-hydra-liss-baume-intensif-200ml","title":{"rendered":"Dermacare Hydra Liss Baume Intensif 200ml"},"content":{"rendered":"","protected":false},"excerpt":{"rendered":"<p>Un traitement quotidien nourrissant pour les peaux s\u00e8ches \u00e0 tr\u00e8s s\u00e8ches, adapt\u00e9 \u00e0 une utilisation sur le visage et le corps, pour r\u00e9tablir les lipides et restaurer la nutrition de la peau.<\/p>\n","protected":false},"featured_media":3463,"comment_status":"open","ping_status":"closed","template":"","meta":[],"product_brand":[],"product_cat":[2707],"product_tag":[],"class_list":{"0":"post-3464","1":"product","2":"type-product","3":"status-publish","4":"has-post-thumbnail","6":"product_cat-dermacare","8":"first","9":"instock","10":"taxable","11":"shipping-taxable","12":"purchasable","13":"product-type-simple"},"_links":{"self":[{"href":"http:\/\/www.yespara.tn\/index.php?rest_route=\/wp\/v2\/product\/3464","targetHints":{"allow":["GET"]}}],"collection":[{"href":"http:\/\/www.yespara.tn\/index.php?rest_route=\/wp\/v2\/product"}],"about":[{"href":"http:\/\/www.yespara.tn\/index.php?rest_route=\/wp\/v2\/types\/product"}],"replies":[{"embeddable":true,"href":"http:\/\/www.yespara.tn\/index.php?rest_route=%2Fwp%2Fv2%2Fcomments&post=3464"}],"wp:featuredmedia":[{"embeddable":true,"href":"http:\/\/www.yespara.tn\/index.php?rest_route=\/wp\/v2\/media\/3463"}],"wp:attachment":[{"href":"http:\/\/www.yespara.tn\/index.php?rest_route=%2Fwp%2Fv2%2Fmedia&parent=3464"}],"wp:term":[{"taxonomy":"product_brand","embeddable":true,"href":"http:\/\/www.yespara.tn\/index.php?rest_route=%2Fwp%2Fv2%2Fproduct_brand&post=3464"},{"taxonomy":"product_cat","embeddable":true,"href":"http:\/\/www.yespara.tn\/index.php?rest_route=%2Fwp%2Fv2%2Fproduct_cat&post=3464"},{"taxonomy":"product_tag","embeddable":true,"href":"http:\/\/www.yespara.tn\/index.php?rest_route=%2Fwp%2Fv2%2Fproduct_tag&post=3464"}],"curies":[{"name":"wp","href":"https:\/\/api.w.org\/{rel}","templated":true}]}}