{"id":3338,"date":"2026-02-28T11:11:56","date_gmt":"2026-02-28T10:11:56","guid":{"rendered":"http:\/\/198.46.190.232\/mypara\/?product=uriage-hyseac-gel-nettoyant-500ml-2"},"modified":"2026-03-31T18:28:03","modified_gmt":"2026-03-31T17:28:03","slug":"uriage-hyseac-gel-nettoyant-500ml-2","status":"publish","type":"product","link":"http:\/\/www.yespara.tn\/?product=uriage-hyseac-gel-nettoyant-500ml-2","title":{"rendered":"URIAGE HYSEAC GEL NETTOYANT 500ML"},"content":{"rendered":"","protected":false},"excerpt":{"rendered":"<p>HYS\u00c9AC Gel Nettoyant \u00e9limine impuret\u00e9s et exc\u00e8s de s\u00e9bum, tout en respectant parfaitement l\u2019\u00e9piderme. Sa haute rin\u00e7abilit\u00e9, son aspect moussant au contact de l\u2019eau et son l\u00e9ger parfum caract\u00e9ristique de la gamme Hys\u00e9ac en font un produit tr\u00e8s agr\u00e9able \u00e0 utiliser au quotidien. La peau est plus nette, plus saine, plus fra\u00eeche.<\/p>\n","protected":false},"featured_media":3337,"comment_status":"open","ping_status":"closed","template":"","meta":[],"product_brand":[],"product_cat":[2578],"product_tag":[],"class_list":{"0":"post-3338","1":"product","2":"type-product","3":"status-publish","4":"has-post-thumbnail","6":"product_cat-uriage-soins-visage-gels-nettoyants-2","8":"first","9":"instock","10":"taxable","11":"shipping-taxable","12":"purchasable","13":"product-type-simple"},"_links":{"self":[{"href":"http:\/\/www.yespara.tn\/index.php?rest_route=\/wp\/v2\/product\/3338","targetHints":{"allow":["GET"]}}],"collection":[{"href":"http:\/\/www.yespara.tn\/index.php?rest_route=\/wp\/v2\/product"}],"about":[{"href":"http:\/\/www.yespara.tn\/index.php?rest_route=\/wp\/v2\/types\/product"}],"replies":[{"embeddable":true,"href":"http:\/\/www.yespara.tn\/index.php?rest_route=%2Fwp%2Fv2%2Fcomments&post=3338"}],"wp:featuredmedia":[{"embeddable":true,"href":"http:\/\/www.yespara.tn\/index.php?rest_route=\/wp\/v2\/media\/3337"}],"wp:attachment":[{"href":"http:\/\/www.yespara.tn\/index.php?rest_route=%2Fwp%2Fv2%2Fmedia&parent=3338"}],"wp:term":[{"taxonomy":"product_brand","embeddable":true,"href":"http:\/\/www.yespara.tn\/index.php?rest_route=%2Fwp%2Fv2%2Fproduct_brand&post=3338"},{"taxonomy":"product_cat","embeddable":true,"href":"http:\/\/www.yespara.tn\/index.php?rest_route=%2Fwp%2Fv2%2Fproduct_cat&post=3338"},{"taxonomy":"product_tag","embeddable":true,"href":"http:\/\/www.yespara.tn\/index.php?rest_route=%2Fwp%2Fv2%2Fproduct_tag&post=3338"}],"curies":[{"name":"wp","href":"https:\/\/api.w.org\/{rel}","templated":true}]}}