{"id":3322,"date":"2026-02-28T11:11:45","date_gmt":"2026-02-28T10:11:45","guid":{"rendered":"http:\/\/198.46.190.232\/mypara\/?product=noreva-exfoliac-global-6-soin-anti-imperfections-30ml"},"modified":"2026-03-31T18:28:04","modified_gmt":"2026-03-31T17:28:04","slug":"noreva-exfoliac-global-6-soin-anti-imperfections-30ml","status":"publish","type":"product","link":"http:\/\/www.yespara.tn\/?product=noreva-exfoliac-global-6-soin-anti-imperfections-30ml","title":{"rendered":"NOREVA Exfoliac Global 6 SOIN ANTI-IMPERFECTIONS 30ml"},"content":{"rendered":"","protected":false},"excerpt":{"rendered":"<p>Exfoliac Global 6 Soin Traitant Imperfections S\u00e9v\u00e8res 30 ml \ud83c\udf3f est un soin anti-acn\u00e9ique haute tol\u00e9rance \ud83d\udeab\ud83c\udf46 pour exfolier \u2728, corriger \u2705, lisser \ud83c\udf38, matifier \ud83e\uddd6\u200d\u2640\ufe0f et apaiser \ud83d\ude0c les peaux ayant des imperfections mod\u00e9r\u00e9es \u00e0 s\u00e9v\u00e8res \ud83d\udd34 et sensibles \ud83e\udee3.<\/p>\n","protected":false},"featured_media":3321,"comment_status":"open","ping_status":"closed","template":"","meta":[],"product_brand":[],"product_cat":[2569,2140],"product_tag":[],"class_list":{"0":"post-3322","1":"product","2":"type-product","3":"status-publish","4":"has-post-thumbnail","6":"product_cat-noreva-soins-peaux-grasses-acneiques-soins-peaux-a-imperfections","7":"product_cat-soins-peau-grasse","9":"first","10":"instock","11":"taxable","12":"shipping-taxable","13":"purchasable","14":"product-type-simple"},"_links":{"self":[{"href":"http:\/\/www.yespara.tn\/index.php?rest_route=\/wp\/v2\/product\/3322","targetHints":{"allow":["GET"]}}],"collection":[{"href":"http:\/\/www.yespara.tn\/index.php?rest_route=\/wp\/v2\/product"}],"about":[{"href":"http:\/\/www.yespara.tn\/index.php?rest_route=\/wp\/v2\/types\/product"}],"replies":[{"embeddable":true,"href":"http:\/\/www.yespara.tn\/index.php?rest_route=%2Fwp%2Fv2%2Fcomments&post=3322"}],"wp:featuredmedia":[{"embeddable":true,"href":"http:\/\/www.yespara.tn\/index.php?rest_route=\/wp\/v2\/media\/3321"}],"wp:attachment":[{"href":"http:\/\/www.yespara.tn\/index.php?rest_route=%2Fwp%2Fv2%2Fmedia&parent=3322"}],"wp:term":[{"taxonomy":"product_brand","embeddable":true,"href":"http:\/\/www.yespara.tn\/index.php?rest_route=%2Fwp%2Fv2%2Fproduct_brand&post=3322"},{"taxonomy":"product_cat","embeddable":true,"href":"http:\/\/www.yespara.tn\/index.php?rest_route=%2Fwp%2Fv2%2Fproduct_cat&post=3322"},{"taxonomy":"product_tag","embeddable":true,"href":"http:\/\/www.yespara.tn\/index.php?rest_route=%2Fwp%2Fv2%2Fproduct_tag&post=3322"}],"curies":[{"name":"wp","href":"https:\/\/api.w.org\/{rel}","templated":true}]}}